{"id":10271,"date":"2024-01-31T10:03:50","date_gmt":"2024-01-31T09:03:50","guid":{"rendered":"https:\/\/www.glm-laser.com\/glm\/?page_id=10271"},"modified":"2024-01-31T10:21:41","modified_gmt":"2024-01-31T09:21:41","slug":"positionsbestimmung-von-fahrzeugen","status":"publish","type":"page","link":"https:\/\/www.glm-laser.com\/glm\/3d-messsysteme-branchen\/positionsbestimmung-von-fahrzeugen\/","title":{"rendered":"Positionsbestimmung von Fahrzeugen"},"content":{"rendered":"<h2 class=\"wp-block-heading\">Positionsbestimmung von Fahrzeugen als Grundlage f\u00fcr Fahrerassistenzsysteme<\/h2>\n<p>Bei der Entwicklung neuer und innovativer Fahrerassistenzsysteme (z.B. auf LIDAR-Basis) spielt die Positions- und Orientierungsbestimmung von Fahrzeugen eine zentrale Rolle. Die Qualit\u00e4t der Positionsbestimmung bestimmt die Qualit\u00e4t und Robustheit des sp\u00e4teren Gesamtsystems.<\/p>\n<p>F\u00fcr die Realisierung eines solchen Assistenzsystems ist eine hochgenaue Positionierung im mm-Bereich notwendig. Bislang werden hierf\u00fcr GPS-gest\u00fctzte Verfahren eingesetzt, die diese Genauigkeit nicht erreichen. Dar\u00fcber hinaus ist es erforderlich, dass die gemessenen Koordinaten auf das Fahrzeugkoordinatensystem (3D) und nicht auf das Horizontsystem des Messger\u00e4tes bezogen sind.<\/p>\n","protected":false},"excerpt":{"rendered":"<p>Positionsbestimmung von Fahrzeugen als Grundlage f\u00fcr Fahrerassistenzsysteme Bei der Entwicklung neuer und innovativer Fahrerassistenzsysteme (z.B. auf LIDAR-Basis) spielt die Positions- und Orientierungsbestimmung von Fahrzeugen eine zentrale Rolle. Die Qualit\u00e4t der Positionsbestimmung bestimmt die Qualit\u00e4t und Robustheit des sp\u00e4teren Gesamtsystems. F\u00fcr die Realisierung eines solchen Assistenzsystems ist eine hochgenaue Positionierung im mm-Bereich notwendig. Bislang werden hierf\u00fcr [&hellip;]<\/p>\n","protected":false},"author":4,"featured_media":0,"parent":15,"menu_order":17,"comment_status":"closed","ping_status":"closed","template":"","meta":{"footnotes":""},"class_list":["post-10271","page","type-page","status-publish","hentry"],"_links":{"self":[{"href":"https:\/\/www.glm-laser.com\/glm\/wp-json\/wp\/v2\/pages\/10271"}],"collection":[{"href":"https:\/\/www.glm-laser.com\/glm\/wp-json\/wp\/v2\/pages"}],"about":[{"href":"https:\/\/www.glm-laser.com\/glm\/wp-json\/wp\/v2\/types\/page"}],"author":[{"embeddable":true,"href":"https:\/\/www.glm-laser.com\/glm\/wp-json\/wp\/v2\/users\/4"}],"replies":[{"embeddable":true,"href":"https:\/\/www.glm-laser.com\/glm\/wp-json\/wp\/v2\/comments?post=10271"}],"version-history":[{"count":2,"href":"https:\/\/www.glm-laser.com\/glm\/wp-json\/wp\/v2\/pages\/10271\/revisions"}],"predecessor-version":[{"id":10273,"href":"https:\/\/www.glm-laser.com\/glm\/wp-json\/wp\/v2\/pages\/10271\/revisions\/10273"}],"up":[{"embeddable":true,"href":"https:\/\/www.glm-laser.com\/glm\/wp-json\/wp\/v2\/pages\/15"}],"wp:attachment":[{"href":"https:\/\/www.glm-laser.com\/glm\/wp-json\/wp\/v2\/media?parent=10271"}],"curies":[{"name":"wp","href":"https:\/\/api.w.org\/{rel}","templated":true}]}}