{"id":1126,"date":"2016-04-18T16:43:54","date_gmt":"2016-04-18T14:43:54","guid":{"rendered":"http:\/\/www.glm-laser.com\/?page_id=1126"},"modified":"2020-11-10T12:03:01","modified_gmt":"2020-11-10T11:03:01","slug":"zielmittel-sdl","status":"publish","type":"page","link":"https:\/\/www.glm-laser.com\/glm\/optische-vermessungsinstrumente-3\/zubehoer-2\/zielmittel\/zielmittel-sdl\/","title":{"rendered":"Zielmittel Sokkia SDL1X"},"content":{"rendered":"<h2 class=\"wp-block-heading\">Industrie RAB-Code Ma\u00dfstab <\/h2>\n<div class=\"wp-block-image\">\n<figure class=\"alignright\"><img loading=\"lazy\" decoding=\"async\" width=\"81\" height=\"300\" src=\"https:\/\/www.glm-laser.com\/glm\/wp-content\/uploads\/Zielmitte-SDL1X-81x300.png\" alt=\"\" class=\"wp-image-4544\"\/><figcaption>Zielmittel Sokkia SDL1X<\/figcaption><\/figure>\n<\/div>\n<p>Das Zielmittel ZM_SDL1X ist eine Entwicklung aus dem Hause GLM. Es wird zur H\u00f6henausrichtung und Kontrolle im Gro\u00dfmaschinen- und Industriebau sowie bei Drehgestelldruckst\u00e4nden eingesetzt. Die verwendeten BSS-Nivellierlineale garantieren die erforderlichen Genauigkeiten welche das verwendete Digitalnivellier (<a href=\"https:\/\/www.glm-laser.com\/glm\/optische-vermessungsinstrumente-3\/sokkia-digitalnivellier\/sokkia-sdl\/\">SDL30<\/a>\u00a0bzw.\u00a0<a href=\"https:\/\/www.glm-laser.com\/glm\/optische-vermessungsinstrumente-3\/sokkia-digitalnivellier\/sokkia-sdl1x\/\">SDL1X<\/a>) erm\u00f6glicht. Weiter ist dieses Zielmittel mit zwei R\u00f6hrenlibellen und einem Schaltmagneten\u00a0ausger\u00fcstet. GLM bietet zwei Versionen an: <\/p>\n<ul class=\"wp-block-list\">\n<li>ZM_SDL1X_30; Ausgestattet mit einem 300mm langen RAB-Code Ma\u00dfstab<\/li>\n<li>ZM_SDL1X_50; Ausgestattet mit einem 500mm langen RAB-Code Ma\u00dfstab <\/li>\n<\/ul>\n<p> W\u00fcnschen Sie weitere Informationen \u00fcber die Zielmittel oder m\u00f6chten Sie ein Angebot bekommen? Dann schreiben Sie einfach&nbsp;eine&nbsp;E-Mail. <\/p><\/p>\n","protected":false},"excerpt":{"rendered":"<p>Industrie RAB-Code Ma\u00dfstab Das Zielmittel ZM_SDL1X ist eine Entwicklung aus dem Hause GLM. Es wird zur H\u00f6henausrichtung und Kontrolle im Gro\u00dfmaschinen- und Industriebau sowie bei Drehgestelldruckst\u00e4nden eingesetzt. Die verwendeten BSS-Nivellierlineale garantieren die erforderlichen Genauigkeiten welche das verwendete Digitalnivellier (SDL30\u00a0bzw.\u00a0SDL1X) erm\u00f6glicht. Weiter ist dieses Zielmittel mit zwei R\u00f6hrenlibellen und einem Schaltmagneten\u00a0ausger\u00fcstet. GLM bietet zwei Versionen an: [&hellip;]<\/p>\n","protected":false},"author":1,"featured_media":0,"parent":745,"menu_order":99,"comment_status":"closed","ping_status":"closed","template":"page_submenu.php","meta":{"footnotes":""},"class_list":["post-1126","page","type-page","status-publish","hentry"],"_links":{"self":[{"href":"https:\/\/www.glm-laser.com\/glm\/wp-json\/wp\/v2\/pages\/1126"}],"collection":[{"href":"https:\/\/www.glm-laser.com\/glm\/wp-json\/wp\/v2\/pages"}],"about":[{"href":"https:\/\/www.glm-laser.com\/glm\/wp-json\/wp\/v2\/types\/page"}],"author":[{"embeddable":true,"href":"https:\/\/www.glm-laser.com\/glm\/wp-json\/wp\/v2\/users\/1"}],"replies":[{"embeddable":true,"href":"https:\/\/www.glm-laser.com\/glm\/wp-json\/wp\/v2\/comments?post=1126"}],"version-history":[{"count":6,"href":"https:\/\/www.glm-laser.com\/glm\/wp-json\/wp\/v2\/pages\/1126\/revisions"}],"predecessor-version":[{"id":9565,"href":"https:\/\/www.glm-laser.com\/glm\/wp-json\/wp\/v2\/pages\/1126\/revisions\/9565"}],"up":[{"embeddable":true,"href":"https:\/\/www.glm-laser.com\/glm\/wp-json\/wp\/v2\/pages\/745"}],"wp:attachment":[{"href":"https:\/\/www.glm-laser.com\/glm\/wp-json\/wp\/v2\/media?parent=1126"}],"curies":[{"name":"wp","href":"https:\/\/api.w.org\/{rel}","templated":true}]}}