{"id":1475,"date":"2016-04-27T15:09:53","date_gmt":"2016-04-27T13:09:53","guid":{"rendered":"http:\/\/www.glm-laser.com\/?page_id=1475"},"modified":"2022-05-31T17:41:28","modified_gmt":"2022-05-31T15:41:28","slug":"din-27202-10","status":"publish","type":"page","link":"https:\/\/www.glm-laser.com\/glm\/3d-messsysteme-branchen\/messsystem-schienenfahrzeuge\/din-27202-10\/","title":{"rendered":"DIN 27202-10"},"content":{"rendered":"<h1>Vermessung von Schienenfahrzeugen nach DIN 27202-10<\/h1>\n<p class=\"section\">GLM ist der Dienstleister f\u00fcr das planm\u00e4\u00dfige und au\u00dferplanm\u00e4\u00dfige Messen Ihrer Schienenfahrzeuge. Die Vermessungen erfolgen nach <a href=\"https:\/\/www.en-standard.eu\/din-27202-10-zustand-der-eisenbahnfahrzeuge-fahrzeugaufbau-und-sondereinrichtungen-teil-10-messen-fahrzeugaufbau\/\" target=\"_blank\" rel=\"noopener\">DIN 27202-10<\/a>. GLM vermisst Schienenfahrzeuge der Kategorie A (z.B. Triebfahrzeuge, G\u00fcterwagen und Nebenfahrzeuge) sowie der Kategorie C (z.B. Reisezugwagen und leichte Triebwagen mit Drehgestell). Bei Vermessungen\u00a0durch GLM sollten (m\u00fcssen) folgenden Vorbereitungen getroffen sein:<\/p>\n<div align=\"justify\"><\/div>\n<ul>\n<li>Die Schienenfahrzeuge m\u00fcssen ausgeachst sein, so dass die Drehzapfen,\u00a0Federbockbohrungen und sonstige relevante\u00a0Messstellen\u00a0frei zug\u00e4nglich sind<\/li>\n<\/ul>\n<ul>\n<li>Die Messtellen m\u00fcssen gereinigt sein,<\/li>\n<\/ul>\n<ul>\n<li>Die Fahrzeuge der Kategorie A befinden sich (ann\u00e4hernd) in einer nivellierten Bezugslage,<\/li>\n<\/ul>\n<ul>\n<li>Die Fahrzeuge der Kategorie C befinden sich in einer spannungsfreien Bezugslage (Eckkraftverwiegung mittels Druckmessdosen).<\/li>\n<\/ul>\n<p class=\"section\">Es wird das Abma\u00df (DIN ISO 286-1; Diff. Istma\u00df zu Nennma\u00df) mit Hilfe optischer Vermessungsinstrumente und eisenbahnspezifischer Software <a title=\"Software Industrievermessung\" href=\"https:\/\/www.glm-laser.com\/glm\/software\/\">Software<\/a> ermittelt.<\/p>\n","protected":false},"excerpt":{"rendered":"<p>Vermessung von Schienenfahrzeugen nach DIN 27202-10 GLM ist der Dienstleister f\u00fcr das planm\u00e4\u00dfige und au\u00dferplanm\u00e4\u00dfige Messen Ihrer Schienenfahrzeuge. Die Vermessungen erfolgen nach DIN 27202-10. GLM vermisst Schienenfahrzeuge der Kategorie A (z.B. Triebfahrzeuge, G\u00fcterwagen und Nebenfahrzeuge) sowie der Kategorie C (z.B. Reisezugwagen und leichte Triebwagen mit Drehgestell). Bei Vermessungen\u00a0durch GLM sollten (m\u00fcssen) folgenden Vorbereitungen getroffen sein: [&hellip;]<\/p>\n","protected":false},"author":1,"featured_media":0,"parent":107,"menu_order":3,"comment_status":"closed","ping_status":"closed","template":"page_submenu.php","meta":{"footnotes":""},"class_list":["post-1475","page","type-page","status-publish","hentry"],"_links":{"self":[{"href":"https:\/\/www.glm-laser.com\/glm\/wp-json\/wp\/v2\/pages\/1475"}],"collection":[{"href":"https:\/\/www.glm-laser.com\/glm\/wp-json\/wp\/v2\/pages"}],"about":[{"href":"https:\/\/www.glm-laser.com\/glm\/wp-json\/wp\/v2\/types\/page"}],"author":[{"embeddable":true,"href":"https:\/\/www.glm-laser.com\/glm\/wp-json\/wp\/v2\/users\/1"}],"replies":[{"embeddable":true,"href":"https:\/\/www.glm-laser.com\/glm\/wp-json\/wp\/v2\/comments?post=1475"}],"version-history":[{"count":5,"href":"https:\/\/www.glm-laser.com\/glm\/wp-json\/wp\/v2\/pages\/1475\/revisions"}],"predecessor-version":[{"id":10178,"href":"https:\/\/www.glm-laser.com\/glm\/wp-json\/wp\/v2\/pages\/1475\/revisions\/10178"}],"up":[{"embeddable":true,"href":"https:\/\/www.glm-laser.com\/glm\/wp-json\/wp\/v2\/pages\/107"}],"wp:attachment":[{"href":"https:\/\/www.glm-laser.com\/glm\/wp-json\/wp\/v2\/media?parent=1475"}],"curies":[{"name":"wp","href":"https:\/\/api.w.org\/{rel}","templated":true}]}}