{"id":1496,"date":"2016-04-27T15:27:11","date_gmt":"2016-04-27T13:27:11","guid":{"rendered":"http:\/\/www.glm-laser.com\/?page_id=1496"},"modified":"2016-06-29T08:56:21","modified_gmt":"2016-06-29T06:56:21","slug":"gleitschalung-fuer-die-tuerme","status":"publish","type":"page","link":"https:\/\/www.glm-laser.com\/glm\/3d-messsysteme-branchen\/wind\/gleitschalung-fuer-die-tuerme\/","title":{"rendered":"Gleitschalung f\u00fcr die T\u00fcrme"},"content":{"rendered":"<div id=\"content\">\n<h1>Konzentrizit\u00e4tsanalyse der Gleitschalung<br \/>\nf\u00fcr die T\u00fcrme der Windkraftanlagen<\/h1>\n<div class=\"section\">\n<p align=\"justify\">3D-Lasermesssysteme werden bei der Produktion von Stahlschalungen (Gleitschalung) f\u00fcr Windkraftanlagen eingesetzt. Meist liegen die Dimensionen der einzelnen Stahlsegmente bei ca. 4m x 4m x 4m.<\/p>\n<div align=\"justify\"><\/div>\n<p align=\"justify\">Bevor die 3D-Laservermessung eingef\u00fchrt wurde, wurden die Radien (zur Rundheitskontrolle) mit Ma\u00dfband und Lot gemessen und mit den Soll &#8211; Daten verglichen. \u00c4u\u00dferst schwierig gestaltete sich dabei die Kontrolle der Konzentrizit\u00e4t der Gleitschalung. Es mussten h\u00e4ndisch Kreispunkte in 4m H\u00f6hen erfasst und abgelotet werden. Daraufhin wurde mit dem Ma\u00dfband zum Mittelpunkt des unteren Kreises gemessen. Mit dieser Methode <u>kann<\/u> die Genauigkeitsanforderung von weniger als 1mm nicht ernsthaft erreicht werden. Weiterhin kann nicht die Rundheit des oberen Radius, bezogen auf den obigen Mittelpunkt, kontrolliert werden. Mit dieser unzureichenden Methode ben\u00f6tigen 2 Mitarbeiter fast einen Tag Zeit je Gleitschalung.<\/p>\n<div align=\"justify\"><\/div>\n<p align=\"justify\">Mit einem 3D-Lasermesssystem wird <u>jetzt<\/u> eine Genauigkeit im 1\/10 mm (Ber\u00fchrungslos gemessen) Bereich erreicht. Hinzu kommt eine enorme Zeit- und Personalersparnis, so werden pro Segment von einem Anwender nur noch zwischen 15 und 20 Minuten ben\u00f6tigt, um die beschreibende Geometrie zu erfassen und zu kontrollieren.<\/p>\n<div align=\"justify\"><\/div>\n<p align=\"justify\">Somit besteht gro\u00dfer Nutzten von 3D-Lasermessswystemen f\u00fcr die QS bzw. QM bei der Produktion von Stahlschalungen (Gleitschalungen) f\u00fcr \u00a0Windkraftanlagen.<\/p>\n<\/div>\n<\/div>\n","protected":false},"excerpt":{"rendered":"<p>Konzentrizit\u00e4tsanalyse der Gleitschalung f\u00fcr die T\u00fcrme der Windkraftanlagen 3D-Lasermesssysteme werden bei der Produktion von Stahlschalungen (Gleitschalung) f\u00fcr Windkraftanlagen eingesetzt. Meist liegen die Dimensionen der einzelnen Stahlsegmente bei ca. 4m x 4m x 4m. Bevor die 3D-Laservermessung eingef\u00fchrt wurde, wurden die Radien (zur Rundheitskontrolle) mit Ma\u00dfband und Lot gemessen und mit den Soll &#8211; Daten verglichen. [&hellip;]<\/p>\n","protected":false},"author":1,"featured_media":0,"parent":123,"menu_order":2,"comment_status":"closed","ping_status":"closed","template":"page_submenu.php","meta":{"footnotes":""},"class_list":["post-1496","page","type-page","status-publish","hentry"],"_links":{"self":[{"href":"https:\/\/www.glm-laser.com\/glm\/wp-json\/wp\/v2\/pages\/1496"}],"collection":[{"href":"https:\/\/www.glm-laser.com\/glm\/wp-json\/wp\/v2\/pages"}],"about":[{"href":"https:\/\/www.glm-laser.com\/glm\/wp-json\/wp\/v2\/types\/page"}],"author":[{"embeddable":true,"href":"https:\/\/www.glm-laser.com\/glm\/wp-json\/wp\/v2\/users\/1"}],"replies":[{"embeddable":true,"href":"https:\/\/www.glm-laser.com\/glm\/wp-json\/wp\/v2\/comments?post=1496"}],"version-history":[{"count":3,"href":"https:\/\/www.glm-laser.com\/glm\/wp-json\/wp\/v2\/pages\/1496\/revisions"}],"predecessor-version":[{"id":3267,"href":"https:\/\/www.glm-laser.com\/glm\/wp-json\/wp\/v2\/pages\/1496\/revisions\/3267"}],"up":[{"embeddable":true,"href":"https:\/\/www.glm-laser.com\/glm\/wp-json\/wp\/v2\/pages\/123"}],"wp:attachment":[{"href":"https:\/\/www.glm-laser.com\/glm\/wp-json\/wp\/v2\/media?parent=1496"}],"curies":[{"name":"wp","href":"https:\/\/api.w.org\/{rel}","templated":true}]}}