{"id":1505,"date":"2016-04-27T15:33:13","date_gmt":"2016-04-27T13:33:13","guid":{"rendered":"http:\/\/www.glm-laser.com\/?page_id=1505"},"modified":"2025-10-23T17:46:03","modified_gmt":"2025-10-23T15:46:03","slug":"flugzeugbau","status":"publish","type":"page","link":"https:\/\/www.glm-laser.com\/glm\/3d-messsysteme-branchen\/flugzeugbau\/","title":{"rendered":"Flugzeugbau"},"content":{"rendered":"<h1 class=\"wp-block-heading\">Flugzeugbau<\/h1>\n<h1 class=\"wp-block-heading\">3D Vermessung im Flugzeugbau<\/h1>\n<p>Mit dem <a href=\"https:\/\/www.glm-laser.com\/glm\/ueber-glm\/3d-messsysteme\/\">optischen 3D Messsystem<\/a> von GLM k\u00f6nnen viele Vermessungsaufgaben im Bereich des Flugzeugbaus erledigt werden. Unser System wird z.B. zur Montage von Zubeh\u00f6r und Sektionen in Ausrichtung zur Achse benutzt.<\/p>\n<p><strong>Vorteile des 3D Messsystems:<\/strong><\/p>\n<ul class=\"wp-block-list\">\n<li>Einfach zu benutzen, schnelle und einfache Einrichtung<\/li>\n<li>Hohe Genauigkeit<\/li>\n<li>Hohe Reichweite auch im Lasertracker-Modus bis zu 100m<\/li>\n<li>Weiterf\u00fchrender Datenfluss vereinfacht die Dokumentation: Instrument -> Feldrechner (<a href=\"https:\/\/www.glm-laser.com\/glm\/software-2\/poket-pc\/3-dim-observer\/\">3-DIM Observer<\/a>) -> PC-Software (<a href=\"https:\/\/www.glm-laser.com\/glm\/software-2\/pc-software-2\/3d-vermessung-software\/\">3-DIM PC-Basic<\/a>)-> andere PC-Software (z.B. Excel)<\/li>\n<li>Mobil, Instrument kann einfach zum Zulieferer bef\u00f6rdert werden, um dort gefertigte Teile zu \u00fcberpr\u00fcfen.<\/li>\n<\/ul>\n<p><a href=\"https:\/\/www.youtube.com\/watch?v=tAw7yzSsdP0&amp;list=PL-j6yXsAiHIMKcg77THX15gqlFVA-ruec\" target=\"_blank\" rel=\"noreferrer noopener\">Film \u00fcber unsere Me\u00dftechnik im Flugzeugbau.<\/a><\/p>\n","protected":false},"excerpt":{"rendered":"<p>Flugzeugbau 3D Vermessung im Flugzeugbau Mit dem optischen 3D Messsystem von GLM k\u00f6nnen viele Vermessungsaufgaben im Bereich des Flugzeugbaus erledigt werden. Unser System wird z.B. zur Montage von Zubeh\u00f6r und Sektionen in Ausrichtung zur Achse benutzt. Vorteile des 3D Messsystems: Film \u00fcber unsere Me\u00dftechnik im Flugzeugbau.<\/p>\n","protected":false},"author":1,"featured_media":0,"parent":15,"menu_order":10,"comment_status":"closed","ping_status":"closed","template":"page_submenu.php","meta":{"footnotes":""},"class_list":["post-1505","page","type-page","status-publish","hentry"],"_links":{"self":[{"href":"https:\/\/www.glm-laser.com\/glm\/wp-json\/wp\/v2\/pages\/1505"}],"collection":[{"href":"https:\/\/www.glm-laser.com\/glm\/wp-json\/wp\/v2\/pages"}],"about":[{"href":"https:\/\/www.glm-laser.com\/glm\/wp-json\/wp\/v2\/types\/page"}],"author":[{"embeddable":true,"href":"https:\/\/www.glm-laser.com\/glm\/wp-json\/wp\/v2\/users\/1"}],"replies":[{"embeddable":true,"href":"https:\/\/www.glm-laser.com\/glm\/wp-json\/wp\/v2\/comments?post=1505"}],"version-history":[{"count":6,"href":"https:\/\/www.glm-laser.com\/glm\/wp-json\/wp\/v2\/pages\/1505\/revisions"}],"predecessor-version":[{"id":10405,"href":"https:\/\/www.glm-laser.com\/glm\/wp-json\/wp\/v2\/pages\/1505\/revisions\/10405"}],"up":[{"embeddable":true,"href":"https:\/\/www.glm-laser.com\/glm\/wp-json\/wp\/v2\/pages\/15"}],"wp:attachment":[{"href":"https:\/\/www.glm-laser.com\/glm\/wp-json\/wp\/v2\/media?parent=1505"}],"curies":[{"name":"wp","href":"https:\/\/api.w.org\/{rel}","templated":true}]}}