{"id":1518,"date":"2016-04-27T15:49:11","date_gmt":"2016-04-27T13:49:11","guid":{"rendered":"http:\/\/www.glm-laser.com\/?page_id=1518"},"modified":"2016-04-27T16:15:23","modified_gmt":"2016-04-27T14:15:23","slug":"3d-vermessung-genaubau","status":"publish","type":"page","link":"https:\/\/www.glm-laser.com\/glm\/ueber-glm\/referenzkunden\/3d-vermessung-genaubau\/","title":{"rendered":"Fraunhofer Institut"},"content":{"rendered":"<h1>Gro\u00dfstrukturen effizient Fertigen<\/h1>\n<h3><\/h3>\n<div class=\"section\">\n<p align=\"justify\"><strong>Das anwendungsorientierte Fraunhofer Anwendungszentrum f\u00fcr Gro\u00dfstrukturen in Rostock hat sich vor allem in der maritimen Industrie mit Kompetenzen in den Bereichen Fertigung, Robotik und 3D-Messtechnik etabliert.<\/strong><\/p>\n<p align=\"justify\"><img loading=\"lazy\" decoding=\"async\" class=\"alignright wp-image-1527 size-full\" src=\"https:\/\/www.glm-laser.com\/glm\/wp-content\/uploads\/FE-Berechnung.jpg\" alt=\"FE Berechnung\" width=\"200\" height=\"196\" \/>Das im Jahr 2000 aus einer Projektgruppe entstandene Fraunhofer Anwendungszentrum f\u00fcr Gro\u00dfstrukturen in der Produktionstechnik (AGP) hat sich als \u00fcberregionale Forschungseinrichtung auf Gro\u00dfstrukturen spezialisiert. Gro\u00dfstrukturen sind technische Systeme, die aufgrund ihrer Abmessungen spezielle Merkmale aufweisen, zum Beispiel in der Auslegung, Fertigungstechnologie und Qualit\u00e4tssicherung. Dies spielt vor allem im Windkraftanlagenbau, Schiffbau, Schienenfahrzeug- und Flugzeugbau eine Rolle. Neben den Projekten der Wirtschafts- und Forschungsf\u00f6rderung sind vor allem die Wirtschaftsertr\u00e4ge \u00fcber direkte Kooperationen mit Industriefirmen eine entscheidende S\u00e4ule des AGP: Sie machen circa 50 Prozent des Umsatzes aus.<\/p>\n<p align=\"justify\">Mit circa 30 Wissenschaftlern und 60 Studenten auf den Gebieten Fertigungstechnik (Schwei\u00dfen, Kleben, FVK-Herstellung, mechanisches F\u00fcgen), Automatisierungstechnik\/Robotik\/3D-Koordinatenmesstechnik und Unternehmensorganisation liegen die Kompetenzen vor allem auf den Gebieten der maritimen Gro\u00dfstrukturen f\u00fcr Schiffe und Offshorestrukturen sowie in der Verkn\u00fcpfung von Robotik, mobiler 3D-Koordinatenpr\u00fcfung und der notwendigen Fertigungstechnik. Durch die \u00fcber Jahre aufgebaute Kompetenz und Ausstattung auf diesen Gebieten besitzt die Forschungseinrichtung beste Voraussetzungen, um sowohl der regionalen norddeutschen maritimen Industrie als auch national und international entsprechende Forschungs- und Entwicklungsdienstleistungen anzubieten. Das Anwendungszentrum ist akkreditiert als Pr\u00fcflabor nach DIN EN ISO\/IEC 17025 und f\u00fchrt beispielsweise regelm\u00e4\u00dfig bauaufsichtliche Zulassungen f\u00fcr die Stahlbau- und Windkraftindustrie durch. Der Leiter des AGP, Prof. Martin-Christoph Wanner, f\u00fchrt gleichzeitig den Universit\u00e4tslehrstuhl f\u00fcr Fertigungstechnik und steht damit f\u00fcr die bew\u00e4hrte Kooperation von Hochschuleinrichtung und Fraunhofer-Forschung in Rostock.<\/p>\n<p align=\"justify\"><img loading=\"lazy\" decoding=\"async\" class=\"size-full wp-image-1528 alignleft\" src=\"https:\/\/www.glm-laser.com\/glm\/wp-content\/uploads\/Vermessung-UP-Schwei\u00dfverfahren.jpg\" alt=\"Vermessung UP Schwei\u00dfverfahren\" width=\"249\" height=\"197\" \/>Folgende Themen bilden den Schwerpunkt der Arbeiten des Entwicklungsteams Fertigungstechnik. Experimentelle Untersuchungen des statischen und dynamischen Tragverhaltens mechanisch gef\u00fcgter und Schwei\u00df-, L\u00f6t-, Klebverbindungen. Entwicklung von Auslegungsrichtlinien f\u00fcr moderne Nietverbindungen, Numerische \u00a0Simulation von F\u00fcgeprozessen und Tragverhaltenseigenschaften an metallischen, faserverst\u00e4rkten und hybriden&#8216; Bauteilen. Untersuchung der korrosiven Eigenschaften von unterschiedlich beschichteter . Grundmaterialien und F\u00fcgeverbindungen. Entwicklung zerst\u00f6rungsfreier und zerst\u00f6render Qualit\u00e4tssicherungsverfahren, zum Beispiel Klemmkraftpr\u00fcfung von Schraub- und Nietverbindungen durch akustische Resonanzpr\u00fcfung. Untersuchung der Dichtigkeit unterschiedlich gef\u00fcgter Verbindungen und Grundmaterialien mittels Heliumlecktestpr\u00fcfung. Technologiestudien zur Anwendung geeigneter Materialien und Verbindungen \u00fcber technische und wirtschaftliche Parameter.<\/p>\n<p align=\"justify\">Das Entwicklungsteam Automatisierungstechnik\/3D-Messtechnik besch\u00e4ftigt sich mit der Entwicklung der Mechanik und Ansteuerung von Gro\u00dfrobotern, Bilderkennung, Roboterapplikationen f\u00fcr das Schwei\u00dfen und. Bearbeiten sowie der Entwicklung spezieller Sensorik einschlie\u00dflich Funk\u00fcbertragung und Datenlogging. Beim Genaubau von Gro\u00dfstrukturen zum Beispiel im Windkraftanlagen und Schiffbau geht der Trend zur fl\u00e4chenf\u00f6rmigen Vermessung, &#8218;automatisierten Auswertung der Punktwolken und Integration der neuen Messverfahren in den Qualit\u00e4tssicherungsprozess von Gro\u00dfstrukturen. Hier ist in den letzten Jahren ein enormer Fortschritt bei der 3D-Ger\u00e4tetechnik zu verzeichnen.<\/p>\n<p align=\"justify\">Die Aufgaben des Entwicklungsteams Produktions-&#8218; und Organisationstechnik liegen in der Planung von Fabrikanlagen und der Einf\u00fchrung von Methoden zum Qualit\u00e4tsmanagement und zur schlanken Produktion. Das Ziel der Arbeiten in den Unternehmen sind eine h\u00f6here Produktivit\u00e4t, geringere Durchlaufzeiten, ein effizienter Warenstrom und eine kurze Reaktionsf\u00e4higkeit zum Beispiel bei ver\u00e4nderten Kundenw\u00fcnschen.<\/p>\n<p align=\"justify\">Das AGP erprobt auf Kundenwunsch realit\u00e4tsnah Fertigungsverfahren, baut Funktionsmuster und Prototypen und nimmt diese in Betrieb. Die Aufgabenstellungen resultieren in der Regel aus vorlaufenden Forschungsvorhaben. F\u00fcr die Industrie wird dadurch eine h\u00e4ufig existierende Innovationsl\u00fccke zwischen akademischer Forschung und wirtschaftlicher Anwendung in enger Abstimmung der relevanten Arbeitsbereiche geschlossen.<\/p>\n<p align=\"justify\">Die materielle Basis der Aktivit\u00e4ten des AGP bilden der in den letzten zehn &#8218;Jahren systematisch aufgebaute Bestand an Pr\u00fcfmaschinen, Messger\u00e4ten, Hard- und Software in den jeweiligen Bereichen sowie neue Labor- und Mitarbeitergeb\u00e4ude. Durch hohe Investitionen in die Ausr\u00fcstung, verbunden mit der fr\u00fchzeitigen Heranf\u00fchrung des Ingenieurnachwuchses der Universit\u00e4t an die Forschungsaufgaben, konnten die Weichen f\u00fcr die Zukunft gestellt werden, sodass bis zum Jahr 2016 aus dem AGP ein eigenes Fraunhofer-Institut entstehen wird.<\/p>\n<p><img loading=\"lazy\" decoding=\"async\" class=\"size-full wp-image-958 alignleft\" src=\"https:\/\/www.glm-laser.com\/glm\/wp-content\/uploads\/pdf-icon.png\" alt=\"Download PDF\" width=\"38\" height=\"42\" \/><\/p>\n<p><a href=\"https:\/\/www.glm-laser.com\/glm\/wp-content\/uploads\/fraunhofer_grossstrukturen_efizient_fertigen.pdf\" class=\"broken_link\"><br \/>\nGro\u00dfstrukturen effizient Fertigen (2 MB)<\/a><\/p>\n<\/div>\n","protected":false},"excerpt":{"rendered":"<p>Gro\u00dfstrukturen effizient Fertigen Das anwendungsorientierte Fraunhofer Anwendungszentrum f\u00fcr Gro\u00dfstrukturen in Rostock hat sich vor allem in der maritimen Industrie mit Kompetenzen in den Bereichen Fertigung, Robotik und 3D-Messtechnik etabliert. Das im Jahr 2000 aus einer Projektgruppe entstandene Fraunhofer Anwendungszentrum f\u00fcr Gro\u00dfstrukturen in der Produktionstechnik (AGP) hat sich als \u00fcberregionale Forschungseinrichtung auf Gro\u00dfstrukturen spezialisiert. Gro\u00dfstrukturen sind [&hellip;]<\/p>\n","protected":false},"author":1,"featured_media":0,"parent":82,"menu_order":1,"comment_status":"closed","ping_status":"closed","template":"page_submenu.php","meta":{"footnotes":""},"class_list":["post-1518","page","type-page","status-publish","hentry"],"_links":{"self":[{"href":"https:\/\/www.glm-laser.com\/glm\/wp-json\/wp\/v2\/pages\/1518"}],"collection":[{"href":"https:\/\/www.glm-laser.com\/glm\/wp-json\/wp\/v2\/pages"}],"about":[{"href":"https:\/\/www.glm-laser.com\/glm\/wp-json\/wp\/v2\/types\/page"}],"author":[{"embeddable":true,"href":"https:\/\/www.glm-laser.com\/glm\/wp-json\/wp\/v2\/users\/1"}],"replies":[{"embeddable":true,"href":"https:\/\/www.glm-laser.com\/glm\/wp-json\/wp\/v2\/comments?post=1518"}],"version-history":[{"count":14,"href":"https:\/\/www.glm-laser.com\/glm\/wp-json\/wp\/v2\/pages\/1518\/revisions"}],"predecessor-version":[{"id":1541,"href":"https:\/\/www.glm-laser.com\/glm\/wp-json\/wp\/v2\/pages\/1518\/revisions\/1541"}],"up":[{"embeddable":true,"href":"https:\/\/www.glm-laser.com\/glm\/wp-json\/wp\/v2\/pages\/82"}],"wp:attachment":[{"href":"https:\/\/www.glm-laser.com\/glm\/wp-json\/wp\/v2\/media?parent=1518"}],"curies":[{"name":"wp","href":"https:\/\/api.w.org\/{rel}","templated":true}]}}