{"id":2150,"date":"2016-05-20T12:26:51","date_gmt":"2016-05-20T10:26:51","guid":{"rendered":"http:\/\/www.glm-laser.com\/?page_id=2150"},"modified":"2020-10-22T15:17:28","modified_gmt":"2020-10-22T13:17:28","slug":"sokkia-c32","status":"publish","type":"page","link":"https:\/\/www.glm-laser.com\/glm\/optische-vermessungsinstrumente-3\/uebersicht\/nivelliere-sokkia\/sokkia-c32\/","title":{"rendered":"Sokkia C32"},"content":{"rendered":"<div id=\"content\">\n<h1>Automatisches Nivellier C32 von Sokkia<\/h1>\n<div class=\"section\">\n<p><img loading=\"lazy\" decoding=\"async\" class=\"alignright wp-image-2188 size-full\" title=\"Sokkia C32\" src=\"https:\/\/www.glm-laser.com\/glm\/wp-content\/uploads\/C30.jpg\" alt=\"Sokkia C32\" width=\"199\" height=\"189\" \/>Das automatische Nivellier C32 von Sokkia wird nicht mehr produziert. GLM Laserme\u00dftechnik bietet Ihnen f\u00fcr das C32 einen Rundumservice (Reparatur, Inspektion und Beratung). Das Nachfolgemodell ist das Pr\u00e4zisionsnivellier B40.<\/p>\n<h3>Die technischen Daten des C32:<\/h3>\n<ul>\n<li>Vergr\u00f6\u00dferung 22x<\/li>\n<li>K\u00fcrzeste Zielweite 0,3 m<\/li>\n<li>Sichtfeld 1\u00b025`(auf 100m 2,5m)<\/li>\n<li>Ablesung auf 1 gon<\/li>\n<li>Spielfeld Kompensator +\/- 15`<\/li>\n<li>Dosenlibelle 10\u00b4\/2mm<\/li>\n<\/ul>\n<p>Bei Fragen rufen Sie bitte an oder senden uns eine E-Mail.<\/p>\n<\/div>\n<\/div>\n","protected":false},"excerpt":{"rendered":"<p>Automatisches Nivellier C32 von Sokkia Das automatische Nivellier C32 von Sokkia wird nicht mehr produziert. GLM Laserme\u00dftechnik bietet Ihnen f\u00fcr das C32 einen Rundumservice (Reparatur, Inspektion und Beratung). Das Nachfolgemodell ist das Pr\u00e4zisionsnivellier B40. Die technischen Daten des C32: Vergr\u00f6\u00dferung 22x K\u00fcrzeste Zielweite 0,3 m Sichtfeld 1\u00b025`(auf 100m 2,5m) Ablesung auf 1 gon Spielfeld Kompensator [&hellip;]<\/p>\n","protected":false},"author":1,"featured_media":0,"parent":823,"menu_order":0,"comment_status":"closed","ping_status":"closed","template":"page_submenu.php","meta":{"footnotes":""},"class_list":["post-2150","page","type-page","status-publish","hentry"],"_links":{"self":[{"href":"https:\/\/www.glm-laser.com\/glm\/wp-json\/wp\/v2\/pages\/2150"}],"collection":[{"href":"https:\/\/www.glm-laser.com\/glm\/wp-json\/wp\/v2\/pages"}],"about":[{"href":"https:\/\/www.glm-laser.com\/glm\/wp-json\/wp\/v2\/types\/page"}],"author":[{"embeddable":true,"href":"https:\/\/www.glm-laser.com\/glm\/wp-json\/wp\/v2\/users\/1"}],"replies":[{"embeddable":true,"href":"https:\/\/www.glm-laser.com\/glm\/wp-json\/wp\/v2\/comments?post=2150"}],"version-history":[{"count":9,"href":"https:\/\/www.glm-laser.com\/glm\/wp-json\/wp\/v2\/pages\/2150\/revisions"}],"predecessor-version":[{"id":8367,"href":"https:\/\/www.glm-laser.com\/glm\/wp-json\/wp\/v2\/pages\/2150\/revisions\/8367"}],"up":[{"embeddable":true,"href":"https:\/\/www.glm-laser.com\/glm\/wp-json\/wp\/v2\/pages\/823"}],"wp:attachment":[{"href":"https:\/\/www.glm-laser.com\/glm\/wp-json\/wp\/v2\/media?parent=2150"}],"curies":[{"name":"wp","href":"https:\/\/api.w.org\/{rel}","templated":true}]}}