{"id":2160,"date":"2016-05-20T12:30:05","date_gmt":"2016-05-20T10:30:05","guid":{"rendered":"http:\/\/www.glm-laser.com\/?page_id=2160"},"modified":"2020-10-22T15:17:04","modified_gmt":"2020-10-22T13:17:04","slug":"sokkia-c410","status":"publish","type":"page","link":"https:\/\/www.glm-laser.com\/glm\/optische-vermessungsinstrumente-3\/uebersicht\/nivelliere-sokkia\/sokkia-c410\/","title":{"rendered":"Sokkia C410"},"content":{"rendered":"<h1>Das robuste Baunivellier C410 von Sokkia<img loading=\"lazy\" decoding=\"async\" class=\"Sokkia C410 alignright wp-image-2229 size-full\" title=\"Sokkia C410\" src=\"https:\/\/www.glm-laser.com\/glm\/wp-content\/uploads\/410.jpg\" alt=\"Sokkia C410\" width=\"199\" height=\"182\" \/><\/h1>\n<div class=\"section\">\n<p align=\"justify\">Das automatische Baunivellier C410 von Sokkia wird <strong>nicht<\/strong> mehr produziert. Die passenden Nachfolgemodelle ist das Baunivellier B40. GLM Laserme\u00dftechnik bietet ihnen einen rundum Service (Inspektion, Reparatur, Verkauf und Beratung) f\u00fcr das C410 an.<\/p>\n<h3 align=\"justify\">Auszug aus den technischen Daten des C410:<\/h3>\n<ul>\n<li>Vergr\u00f6\u00dferung 20x<\/li>\n<li>K\u00fcrzeste Zielweite 0,9m<\/li>\n<li>Ablesung auf 1 gon<\/li>\n<li>H\u00f6hengenauigkeit Standardabweichung auf 1km Doppelnivellement; 2,5mm<\/li>\n<\/ul>\n<p>Bei Fragen rufen Sie bitte an oder senden uns eine E-Mail.<\/p>\n<\/div>\n<p><img loading=\"lazy\" decoding=\"async\" class=\"size-full wp-image-958 alignleft\" src=\"https:\/\/www.glm-laser.com\/glm\/wp-content\/uploads\/pdf-icon.png\" alt=\"Download PDF\" width=\"38\" height=\"42\" \/><\/p>\n<p><a href=\"https:\/\/www.glm-laser.com\/glm\/wp-content\/uploads\/sokkia_c410.pdf\" target=\"_blank\" rel=\"noopener noreferrer\"><br \/>\nProspekt Sokkia C410 (267 kB)<\/a><\/p>\n<p>&nbsp;<\/p>\n","protected":false},"excerpt":{"rendered":"<p>Das robuste Baunivellier C410 von Sokkia Das automatische Baunivellier C410 von Sokkia wird nicht mehr produziert. Die passenden Nachfolgemodelle ist das Baunivellier B40. GLM Laserme\u00dftechnik bietet ihnen einen rundum Service (Inspektion, Reparatur, Verkauf und Beratung) f\u00fcr das C410 an. Auszug aus den technischen Daten des C410: Vergr\u00f6\u00dferung 20x K\u00fcrzeste Zielweite 0,9m Ablesung auf 1 gon [&hellip;]<\/p>\n","protected":false},"author":1,"featured_media":0,"parent":823,"menu_order":0,"comment_status":"closed","ping_status":"closed","template":"page_submenu.php","meta":{"footnotes":""},"class_list":["post-2160","page","type-page","status-publish","hentry"],"_links":{"self":[{"href":"https:\/\/www.glm-laser.com\/glm\/wp-json\/wp\/v2\/pages\/2160"}],"collection":[{"href":"https:\/\/www.glm-laser.com\/glm\/wp-json\/wp\/v2\/pages"}],"about":[{"href":"https:\/\/www.glm-laser.com\/glm\/wp-json\/wp\/v2\/types\/page"}],"author":[{"embeddable":true,"href":"https:\/\/www.glm-laser.com\/glm\/wp-json\/wp\/v2\/users\/1"}],"replies":[{"embeddable":true,"href":"https:\/\/www.glm-laser.com\/glm\/wp-json\/wp\/v2\/comments?post=2160"}],"version-history":[{"count":9,"href":"https:\/\/www.glm-laser.com\/glm\/wp-json\/wp\/v2\/pages\/2160\/revisions"}],"predecessor-version":[{"id":8345,"href":"https:\/\/www.glm-laser.com\/glm\/wp-json\/wp\/v2\/pages\/2160\/revisions\/8345"}],"up":[{"embeddable":true,"href":"https:\/\/www.glm-laser.com\/glm\/wp-json\/wp\/v2\/pages\/823"}],"wp:attachment":[{"href":"https:\/\/www.glm-laser.com\/glm\/wp-json\/wp\/v2\/media?parent=2160"}],"curies":[{"name":"wp","href":"https:\/\/api.w.org\/{rel}","templated":true}]}}