{"id":2163,"date":"2016-05-20T12:34:36","date_gmt":"2016-05-20T10:34:36","guid":{"rendered":"http:\/\/www.glm-laser.com\/?page_id=2163"},"modified":"2020-10-22T15:08:08","modified_gmt":"2020-10-22T13:08:08","slug":"sokkia-sdl50","status":"publish","type":"page","link":"https:\/\/www.glm-laser.com\/glm\/optische-vermessungsinstrumente-3\/uebersicht\/nivelliere-sokkia\/sokkia-sdl50\/","title":{"rendered":"Sokkia SDL50"},"content":{"rendered":"<h1>Digitalnivellier SDL50 von Sokkia<\/h1>\n<div class=\"section\">\n<p align=\"justify\"><img loading=\"lazy\" decoding=\"async\" class=\"Sokkia SDL50 alignright wp-image-2243 size-full\" title=\"Sokkia SDL50\" src=\"https:\/\/www.glm-laser.com\/glm\/wp-content\/uploads\/SDL50.jpg\" alt=\"Sokkia SDL50\" width=\"200\" height=\"185\" \/>Das Digitalnivellier SDL50 von Sokkia wird seit \u00fcber 20 Jahren produziert. GLM Laserme\u00dftechnik bietet ihnen einen rundum Service (Inspektion, Reparatur, Verkauf und Beratung) f\u00fcr das Digitalnivellier SDL50 an.<\/p>\n<h3 align=\"justify\">Auszug aus den technischen Daten des SDL50:<\/h3>\n<div align=\"justify\">\n<ul>\n<li>Vergr\u00f6\u00dferung 28x<\/li>\n<li>K\u00fcrzeste Zielweite 1,5m<\/li>\n<li>Sichtfeld 1\u00b020`(auf 100m 2,3m)<\/li>\n<li>Ablesung auf 1 gon<\/li>\n<li>H\u00f6hengenauigkeit Standardabweichung auf 1km Doppelnivellement; 1,5mm<\/li>\n<\/ul>\n<h3>Zubeh\u00f6r:<\/h3>\n<ul>\n<li>Aufladbarer Akku BDC46A (Li-Ionen)<\/li>\n<li>Ladeschuh CDC61\/ CDC62<\/li>\n<li>DE23 Steilsichtokular<\/li>\n<li>Fiberglas-Nivellierlatten mit RAB-Code<\/li>\n<\/ul>\n<p>Bei Fragen rufen Sie bitte an oder senden uns eine E-Mail.<\/p>\n<\/div>\n<\/div>\n<p><img loading=\"lazy\" decoding=\"async\" class=\"size-full wp-image-958 alignleft\" src=\"https:\/\/www.glm-laser.com\/glm\/wp-content\/uploads\/pdf-icon.png\" alt=\"Download PDF\" width=\"38\" height=\"42\" \/><\/p>\n<p><a href=\"https:\/\/www.glm-laser.com\/glm\/wp-content\/uploads\/prospekt_sokkia_sdl50.pdf\" target=\"_blank\" rel=\"noopener noreferrer\"><br \/>\nProspekt Sokkia SDL50 (7 MB)<br \/>\n<\/a><a href=\"https:\/\/www.glm-laser.com\/glm\/wp-content\/uploads\/bedienungsanleitung-sdl30_50-1.pdf\" target=\"_blank\" rel=\"noopener noreferrer\">Handbuch SDL30 und SDL50 (1 MB)<\/a><\/p>\n","protected":false},"excerpt":{"rendered":"<p>Digitalnivellier SDL50 von Sokkia Das Digitalnivellier SDL50 von Sokkia wird seit \u00fcber 20 Jahren produziert. GLM Laserme\u00dftechnik bietet ihnen einen rundum Service (Inspektion, Reparatur, Verkauf und Beratung) f\u00fcr das Digitalnivellier SDL50 an. Auszug aus den technischen Daten des SDL50: Vergr\u00f6\u00dferung 28x K\u00fcrzeste Zielweite 1,5m Sichtfeld 1\u00b020`(auf 100m 2,3m) Ablesung auf 1 gon H\u00f6hengenauigkeit Standardabweichung auf [&hellip;]<\/p>\n","protected":false},"author":1,"featured_media":0,"parent":823,"menu_order":0,"comment_status":"closed","ping_status":"closed","template":"page_submenu.php","meta":{"footnotes":""},"class_list":["post-2163","page","type-page","status-publish","hentry"],"_links":{"self":[{"href":"https:\/\/www.glm-laser.com\/glm\/wp-json\/wp\/v2\/pages\/2163"}],"collection":[{"href":"https:\/\/www.glm-laser.com\/glm\/wp-json\/wp\/v2\/pages"}],"about":[{"href":"https:\/\/www.glm-laser.com\/glm\/wp-json\/wp\/v2\/types\/page"}],"author":[{"embeddable":true,"href":"https:\/\/www.glm-laser.com\/glm\/wp-json\/wp\/v2\/users\/1"}],"replies":[{"embeddable":true,"href":"https:\/\/www.glm-laser.com\/glm\/wp-json\/wp\/v2\/comments?post=2163"}],"version-history":[{"count":15,"href":"https:\/\/www.glm-laser.com\/glm\/wp-json\/wp\/v2\/pages\/2163\/revisions"}],"predecessor-version":[{"id":7454,"href":"https:\/\/www.glm-laser.com\/glm\/wp-json\/wp\/v2\/pages\/2163\/revisions\/7454"}],"up":[{"embeddable":true,"href":"https:\/\/www.glm-laser.com\/glm\/wp-json\/wp\/v2\/pages\/823"}],"wp:attachment":[{"href":"https:\/\/www.glm-laser.com\/glm\/wp-json\/wp\/v2\/media?parent=2163"}],"curies":[{"name":"wp","href":"https:\/\/api.w.org\/{rel}","templated":true}]}}