{"id":2482,"date":"2016-05-25T14:33:26","date_gmt":"2016-05-25T12:33:26","guid":{"rendered":"http:\/\/www.glm-laser.com\/?page_id=2482"},"modified":"2020-10-26T14:46:39","modified_gmt":"2020-10-26T13:46:39","slug":"sokkia-dt210","status":"publish","type":"page","link":"https:\/\/www.glm-laser.com\/glm\/optische-vermessungsinstrumente-3\/uebersicht\/theodolite\/sokkia-dtx10\/sokkia-dt210\/","title":{"rendered":"Sokkia DT210"},"content":{"rendered":"<h1>Der Digitaltheodolit DT210 aus dem Hause Sokkia<\/h1>\n<div class=\"section\">\n<p align=\"justify\"><img loading=\"lazy\" decoding=\"async\" title=\"Sokkia DT210\" src=\"https:\/\/www.glm-laser.com\/glm\/index.php?rex_resize=200w__286h__dt210-510.jpg\" alt=\"Sokkia DT210\" ismap=\"ismap\" width=\"200\" height=\"286\" align=\"right\" hspace=\"10\" vspace=\"10\" \/>Der Digitaltheodolit DT210 aus dem Hause Sokkia wird nicht mehr produziert. Das passende Nachfolgemodell ist der Digitaltheodolit DT240. GLM Laserme\u00dftechnik bietet ihnen einen rundum Service (Inspektion, Reparatur, Verkauf und Beratung) f\u00fcr den DT210 an.<\/p>\n<p align=\"justify\"><strong>Auszug aus den technischen Daten des DT210:<\/strong><\/p>\n<div align=\"justify\">\n<ul>\n<li>Vergr\u00f6\u00dferung\/ Aufl\u00f6sung: 30x \/ 3&#8243;<\/li>\n<li>Winkelmessgenauigkeit: 2&#8243; \/ 0,6mg<\/li>\n<li>Staub- und Wasserschutz: IP66<\/li>\n<\/ul>\n<\/div>\n<p align=\"justify\"><strong>Zubeh\u00f6r:<\/strong><\/p>\n<div align=\"justify\">\n<ul>\n<li>Batterie LR14\/C<\/li>\n<li>Steilsichtokular DE25<\/li>\n<li>Okular f\u00fcr automatische Zielachskorretur ACE1<\/li>\n<li>Schnittstellenkabel DOC27<\/li>\n<li>Kreuzschlitten bzw. Kreuztisch<\/li>\n<\/ul>\n<\/div>\n<div align=\"justify\">\n<p>W\u00fcnschen Sie weitere Informationen oder m\u00f6chten Sie einen Termin zur Inspektion vereinbaren? <a href=\"mailto:werkstatt@glm-laser.de\">Dann schreiben Sie uns einfach eine E-Mail.<\/a><\/p>\n<\/div>\n<div class=\"section\">\n<p align=\"justify\"><img loading=\"lazy\" decoding=\"async\" class=\"alignleft size-full wp-image-958\" src=\"https:\/\/www.glm-laser.com\/glm\/wp-content\/uploads\/pdf-icon.png\" alt=\"Download PDF\" width=\"38\" height=\"42\" \/><\/p>\n<p align=\"justify\"><a href=\"https:\/\/www.glm-laser.com\/glm\/wp-content\/uploads\/bedinungsanleitung_dtx101.pdf\" target=\"_blank\" rel=\"noopener noreferrer\"><br \/>\nBedienungsanleitung DTx10 (3 MB)<\/a><\/p>\n<\/div>\n<p align=\"justify\">\n<div class=\"section\">\n<p align=\"justify\">\n<\/div>\n<\/div>\n<p align=\"justify\">&#8211; \u00dcbersicht Theodolite Sokkia &#8211; <\/p>\n<p align=\"justify\">Hauptartikel \u2013 DT210 \u2013 DT510 \u2013 DT510A \u2013 DT610<\/p>\n","protected":false},"excerpt":{"rendered":"<p>Der Digitaltheodolit DT210 aus dem Hause Sokkia Der Digitaltheodolit DT210 aus dem Hause Sokkia wird nicht mehr produziert. Das passende Nachfolgemodell ist der Digitaltheodolit DT240. GLM Laserme\u00dftechnik bietet ihnen einen rundum Service (Inspektion, Reparatur, Verkauf und Beratung) f\u00fcr den DT210 an. Auszug aus den technischen Daten des DT210: Vergr\u00f6\u00dferung\/ Aufl\u00f6sung: 30x \/ 3&#8243; Winkelmessgenauigkeit: 2&#8243; [&hellip;]<\/p>\n","protected":false},"author":1,"featured_media":0,"parent":899,"menu_order":1,"comment_status":"closed","ping_status":"closed","template":"page_submenu.php","meta":{"footnotes":""},"class_list":["post-2482","page","type-page","status-publish","hentry"],"_links":{"self":[{"href":"https:\/\/www.glm-laser.com\/glm\/wp-json\/wp\/v2\/pages\/2482"}],"collection":[{"href":"https:\/\/www.glm-laser.com\/glm\/wp-json\/wp\/v2\/pages"}],"about":[{"href":"https:\/\/www.glm-laser.com\/glm\/wp-json\/wp\/v2\/types\/page"}],"author":[{"embeddable":true,"href":"https:\/\/www.glm-laser.com\/glm\/wp-json\/wp\/v2\/users\/1"}],"replies":[{"embeddable":true,"href":"https:\/\/www.glm-laser.com\/glm\/wp-json\/wp\/v2\/comments?post=2482"}],"version-history":[{"count":16,"href":"https:\/\/www.glm-laser.com\/glm\/wp-json\/wp\/v2\/pages\/2482\/revisions"}],"predecessor-version":[{"id":8724,"href":"https:\/\/www.glm-laser.com\/glm\/wp-json\/wp\/v2\/pages\/2482\/revisions\/8724"}],"up":[{"embeddable":true,"href":"https:\/\/www.glm-laser.com\/glm\/wp-json\/wp\/v2\/pages\/899"}],"wp:attachment":[{"href":"https:\/\/www.glm-laser.com\/glm\/wp-json\/wp\/v2\/media?parent=2482"}],"curies":[{"name":"wp","href":"https:\/\/api.w.org\/{rel}","templated":true}]}}