{"id":2643,"date":"2016-05-27T10:11:06","date_gmt":"2016-05-27T08:11:06","guid":{"rendered":"http:\/\/www.glm-laser.com\/?page_id=2643"},"modified":"2020-10-22T15:12:17","modified_gmt":"2020-10-22T13:12:17","slug":"setx010","status":"publish","type":"page","link":"https:\/\/www.glm-laser.com\/glm\/optische-vermessungsinstrumente-3\/uebersicht\/historische-totalstationen\/setx010\/","title":{"rendered":"SETx010"},"content":{"rendered":"<h1>Die Totalstationen der PowerSET Serie SETx010<\/h1>\n<div class=\"section\">\n<p align=\"justify\"><img loading=\"lazy\" decoding=\"async\" class=\"alignright size-full wp-image-2789\" src=\"https:\/\/www.glm-laser.com\/glm\/wp-content\/uploads\/Setx010.jpg\" alt=\"Setx010\" width=\"199\" height=\"274\" \/>Die Totalstationen der PowerSET Serie SETx010 aus dem Hause Sokkia werden nicht mehr produziert.\u00a0 Die passenden Nachfolgemodelle sind die Totalstation der Serie FX-10x. GLM Laserme\u00dftechnik bietet Ihnen einen\u00a0<a href=\"https:\/\/www.glm-laser.com\/glm\/leistungen\/ganzheitliche-loesungen\/\">Rundum-Service<\/a> (Inspektion, Reparatur, Verkauf und Beratung) f\u00fcr die PowerSET Serie SETx010 an.<\/p>\n<p align=\"center\">SET1010 &#8211; SET2010 &#8211; SET3010 &#8211; SET4010<\/p>\n<p align=\"center\"><u><strong>Fortschrittliche Totalstationen<\/strong><\/u><\/p>\n<p align=\"justify\">Die PowerSET Serie setzte einen neuen Standard f\u00fcr effektives Vermessen: Umfangreiche integrierte Vermessungssoftware wie z.B. Tachymeteraufnahme, Satzmessung, Polygonzugberechnung, Absteckung und Trassierung. Ein volles alphanumerisches Tastenfeld und die SDR-Software machten die Eingaben von Jobnamen, Punktnummern, Koordinaten und Berechnung so schnell und einfach, als h\u00e4tten Sie den SDR-Feldrechner benutzt.<\/p>\n<p align=\"justify\">Das miniaturisierte Fernrohr erm\u00f6glichte die hochgenaue und \u00e4u\u00dferst schnelle Entfernungsmessung sowohl auf herk\u00f6mmliche Glasprismen als auf Reflektionsfolie.<\/p>\n<p align=\"justify\">Das ultraleichte Geh\u00e4use und der Transportkoffer erlaubten dem Benutzer das Instrument m\u00fchelos \u00fcberall hin zu Transprotieren.<\/p>\n<p align=\"justify\">Sokkia hatte die Leistung der PowerSET Serie in folgenden Punkten verbessert:<\/p>\n<ul type=\"disc\">\n<li>Vergr\u00f6\u00dferter interner Speicher f\u00fcr bis zu 4800 Punkten<\/li>\n<li>Optimierung interner Baugruppen mit gleichzeitiger Erh\u00f6hung der Servicefreundlichkeit<\/li>\n<li>Schneller Entfernungsmessung<\/li>\n<li>Reduziertes Gewicht<\/li>\n<\/ul>\n<p>W\u00fcnschen Sie weitere Informationen oder m\u00f6chten Sie einen Termin zur Inspektion vereinbaren? Dann schreiben Sie einfach eine <a href=\"mailto:werkstatt@glm-laser.com\">E-Mail<\/a>.<\/p>\n<p><img loading=\"lazy\" decoding=\"async\" class=\"alignleft size-full wp-image-958\" src=\"https:\/\/www.glm-laser.com\/glm\/wp-content\/uploads\/pdf-icon.png\" alt=\"Download PDF\" width=\"38\" height=\"42\" \/><\/p>\n<p><a href=\"https:\/\/www.glm-laser.com\/glm\/wp-content\/uploads\/prospekt_sokkia_setx010.pdf\"><br \/>\nProspekt Sokkia SETx010 (2 MB)<\/a><\/p>\n<\/div>\n","protected":false},"excerpt":{"rendered":"<p>Die Totalstationen der PowerSET Serie SETx010 Die Totalstationen der PowerSET Serie SETx010 aus dem Hause Sokkia werden nicht mehr produziert.\u00a0 Die passenden Nachfolgemodelle sind die Totalstation der Serie FX-10x. GLM Laserme\u00dftechnik bietet Ihnen einen\u00a0Rundum-Service (Inspektion, Reparatur, Verkauf und Beratung) f\u00fcr die PowerSET Serie SETx010 an. SET1010 &#8211; SET2010 &#8211; SET3010 &#8211; SET4010 Fortschrittliche Totalstationen Die [&hellip;]<\/p>\n","protected":false},"author":1,"featured_media":0,"parent":817,"menu_order":8,"comment_status":"closed","ping_status":"closed","template":"page_submenu.php","meta":{"footnotes":""},"class_list":["post-2643","page","type-page","status-publish","hentry"],"_links":{"self":[{"href":"https:\/\/www.glm-laser.com\/glm\/wp-json\/wp\/v2\/pages\/2643"}],"collection":[{"href":"https:\/\/www.glm-laser.com\/glm\/wp-json\/wp\/v2\/pages"}],"about":[{"href":"https:\/\/www.glm-laser.com\/glm\/wp-json\/wp\/v2\/types\/page"}],"author":[{"embeddable":true,"href":"https:\/\/www.glm-laser.com\/glm\/wp-json\/wp\/v2\/users\/1"}],"replies":[{"embeddable":true,"href":"https:\/\/www.glm-laser.com\/glm\/wp-json\/wp\/v2\/comments?post=2643"}],"version-history":[{"count":11,"href":"https:\/\/www.glm-laser.com\/glm\/wp-json\/wp\/v2\/pages\/2643\/revisions"}],"predecessor-version":[{"id":7813,"href":"https:\/\/www.glm-laser.com\/glm\/wp-json\/wp\/v2\/pages\/2643\/revisions\/7813"}],"up":[{"embeddable":true,"href":"https:\/\/www.glm-laser.com\/glm\/wp-json\/wp\/v2\/pages\/817"}],"wp:attachment":[{"href":"https:\/\/www.glm-laser.com\/glm\/wp-json\/wp\/v2\/media?parent=2643"}],"curies":[{"name":"wp","href":"https:\/\/api.w.org\/{rel}","templated":true}]}}