{"id":28,"date":"2015-06-11T09:06:18","date_gmt":"2015-06-11T07:06:18","guid":{"rendered":"http:\/\/www.glm-laser.com\/?page_id=28"},"modified":"2020-10-22T08:29:23","modified_gmt":"2020-10-22T06:29:23","slug":"software-2","status":"publish","type":"page","link":"https:\/\/www.glm-laser.com\/glm\/software-2\/","title":{"rendered":"Software"},"content":{"rendered":"<h1 class=\"wp-block-heading\">Leistungsstarke Software f\u00fcr die Industrievermessung <\/h1>\n<div class=\"wp-block-image\">\n<figure class=\"alignright\"><a href=\"https:\/\/www.glm-laser.com\/glm\/wp-content\/uploads\/Software-Industrievermessung.png\" class=\"gallery_colorbox\"><img loading=\"lazy\" decoding=\"async\" width=\"300\" height=\"160\" src=\"https:\/\/www.glm-laser.com\/glm\/wp-content\/uploads\/Software-Industrievermessung-300x160.png\"  alt=\"Software f\u00fcr die Industrievermessung\" class=\"wp-image-4131\" srcset=\"https:\/\/www.glm-laser.com\/glm\/wp-content\/uploads\/Software-Industrievermessung-300x160.png 300w, https:\/\/www.glm-laser.com\/glm\/wp-content\/uploads\/Software-Industrievermessung-768x409.png 768w, https:\/\/www.glm-laser.com\/glm\/wp-content\/uploads\/Software-Industrievermessung-1024x545.png 1024w, https:\/\/www.glm-laser.com\/glm\/wp-content\/uploads\/Software-Industrievermessung.png 1181w\" sizes=\"(max-width: 300px) 100vw, 300px\" \/><\/a><\/figure>\n<\/div>\n<p>1991 entwickelte GLM die erste individuelle Softwarel\u00f6sung f\u00fcr die millimetergenaue Industrievermessung von&nbsp; Sektionen im <a href=\"https:\/\/www.glm-laser.com\/glm\/3d-messsysteme-branchen\/schiffbau\/\">Schiffbau<\/a>. Daraufhin folgte die Vermessung von <a href=\"https:\/\/www.glm-laser.com\/glm\/3d-messsysteme-branchen\/messsystem-schienenfahrzeuge\/\">Schienenfahrzeugen<\/a> \u2013 der Start in ein neues Gesch\u00e4ftsfeld war gelungen. In den vergangenen Jahrzehnten hat unser Software-Entwicklerteam das Know-how ausbauen k\u00f6nnen und immer wieder neue Bereiche erschlossen. Heute entwickeln und vertreiben wir Softwarel\u00f6sungen f\u00fcr die <a href=\"https:\/\/www.glm-laser.com\/glm\/3d-messsysteme-branchen\/\">unterschiedlichsten Anwendungsfelder<\/a> der Industrievermessung. Vom Stahl- und Anlagenbau bis hin zum Schiffbau sind unsere <a href=\"https:\/\/www.glm-laser.com\/glm\/optical-survey-instruments\/3d-messsysteme\/\">3D Messsysteme<\/a> seit langer Zeit zuverl\u00e4ssig im Einsatz. <\/p>\n<p>Das Geheimnis erfolgreicher Software f\u00fcr die Industrievermessung \u201emade by GLM\u201d? Ganz einfach: Ein optimaler Mix aus langj\u00e4hriger Erfahrung und einer guten Portion Kreativit\u00e4t. Entdecken auch Sie unsere Software-Leistungen! Wir entwickeln neue <a rel=\"noreferrer noopener\" aria-label=\"Plug-Ins (\u00f6ffnet in neuem Tab)\" href=\"https:\/\/de.wikipedia.org\/wiki\/Plug-in\" target=\"_blank\">Plug-Ins<\/a>, <a rel=\"noreferrer noopener\" aria-label=\"Macros (\u00f6ffnet in neuem Tab)\" href=\"https:\/\/de.wikipedia.org\/wiki\/Makro\" target=\"_blank\">Macros<\/a> oder erweitern Ihre vorhandenen Applikationen \u2013 ganz nach Ihrem Bedarf. <\/p>\n<p>Je nach Aufgabenstellung und Umgebungsbedingungen haben sich drei typische L\u00f6sungsans\u00e4tze f\u00fcr die Hardware&nbsp;etabliert. <\/p>\n<ul class=\"wp-block-list\">\n<li>Messen, Justieren, Auswerten und Dokumentation\u00a0mit <a href=\"https:\/\/www.glm-laser.com\/glm\/software\/pc-software\/\"><strong>Laptop<\/strong><\/a> bzw. <a href=\"https:\/\/www.glm-laser.com\/glm\/software\/pc-software\/\"><strong>Notebook<\/strong><\/a><\/li>\n<li>Messen, Justieren, Auswerten\u00a0mit einem <a href=\"https:\/\/www.glm-laser.com\/glm\/software\/pc-software\/\"><strong>Tablet<\/strong><\/a>, Dokumentation mit ggf. mit <a href=\"https:\/\/www.glm-laser.com\/glm\/software\/pc-software\/\"><strong>PC<\/strong><\/a> oder <a href=\"https:\/\/www.glm-laser.com\/glm\/software\/pc-software\/\"><strong>Tablet<\/strong><\/a><\/li>\n<li>Messen, Justieren, Auswerten\u00a0mit mobilem <strong><a href=\"https:\/\/www.glm-laser.com\/glm\/optische-vermessungsinstrumente-2\/handrechner\/\">Handrechner<\/a><\/strong>, Dokumentation mit <a href=\"https:\/\/www.glm-laser.com\/glm\/software\/pc-software\/\"><strong>PC<\/strong><\/a> <\/li>\n<\/ul>\n<p>Mit der 3-DIM Software k\u00f6nnen Sie Ihr Instrument von Sokkia \/ Topcon via Bluetooth direkt ansteuern. Damit m\u00fcssen sie sich nicht mehr unmittelbar am Messkopf aufhalten und k\u00f6nnen sich zum Messobjekt begeben<\/p>\n<p><strong> Wir sind bereit f\u00fcr neue Herausforderungen \u2013 sprechen Sie uns an! <\/strong><\/p>\n","protected":false},"excerpt":{"rendered":"<p>Leistungsstarke Software f\u00fcr die Industrievermessung 1991 entwickelte GLM die erste individuelle Softwarel\u00f6sung f\u00fcr die millimetergenaue Industrievermessung von&nbsp; Sektionen im Schiffbau. Daraufhin folgte die Vermessung von Schienenfahrzeugen \u2013 der Start in ein neues Gesch\u00e4ftsfeld war gelungen. In den vergangenen Jahrzehnten hat unser Software-Entwicklerteam das Know-how ausbauen k\u00f6nnen und immer wieder neue Bereiche erschlossen. Heute entwickeln und [&hellip;]<\/p>\n","protected":false},"author":2,"featured_media":0,"parent":0,"menu_order":3,"comment_status":"open","ping_status":"closed","template":"page_submenu.php","meta":{"footnotes":""},"class_list":["post-28","page","type-page","status-publish","hentry"],"_links":{"self":[{"href":"https:\/\/www.glm-laser.com\/glm\/wp-json\/wp\/v2\/pages\/28"}],"collection":[{"href":"https:\/\/www.glm-laser.com\/glm\/wp-json\/wp\/v2\/pages"}],"about":[{"href":"https:\/\/www.glm-laser.com\/glm\/wp-json\/wp\/v2\/types\/page"}],"author":[{"embeddable":true,"href":"https:\/\/www.glm-laser.com\/glm\/wp-json\/wp\/v2\/users\/2"}],"replies":[{"embeddable":true,"href":"https:\/\/www.glm-laser.com\/glm\/wp-json\/wp\/v2\/comments?post=28"}],"version-history":[{"count":22,"href":"https:\/\/www.glm-laser.com\/glm\/wp-json\/wp\/v2\/pages\/28\/revisions"}],"predecessor-version":[{"id":7061,"href":"https:\/\/www.glm-laser.com\/glm\/wp-json\/wp\/v2\/pages\/28\/revisions\/7061"}],"wp:attachment":[{"href":"https:\/\/www.glm-laser.com\/glm\/wp-json\/wp\/v2\/media?parent=28"}],"curies":[{"name":"wp","href":"https:\/\/api.w.org\/{rel}","templated":true}]}}