{"id":2816,"date":"2016-06-22T13:01:43","date_gmt":"2016-06-22T11:01:43","guid":{"rendered":"http:\/\/www.glm-laser.com\/?page_id=2816"},"modified":"2020-10-22T15:12:23","modified_gmt":"2020-10-22T13:12:23","slug":"sokkia-serie-100","status":"publish","type":"page","link":"https:\/\/www.glm-laser.com\/glm\/optische-vermessungsinstrumente-3\/uebersicht\/historische-totalstationen\/sokkia-serie-setx110\/sokkia-serie-100\/","title":{"rendered":"Sokkia Serie 100"},"content":{"rendered":"<h1>Die Totalstationen der Serie 100 aus dem Hause Sokkia<\/h1>\n<p style=\"text-align: left;\" align=\"justify\"><img loading=\"lazy\" decoding=\"async\" class=\"alignright size-medium wp-image-2831\" src=\"https:\/\/www.glm-laser.com\/glm\/wp-content\/uploads\/Serie100-185x300.jpg\" alt=\"Serie100\" width=\"185\" height=\"300\" srcset=\"https:\/\/www.glm-laser.com\/glm\/wp-content\/uploads\/Serie100-185x300.jpg 185w, https:\/\/www.glm-laser.com\/glm\/wp-content\/uploads\/Serie100.jpg 199w\" sizes=\"(max-width: 185px) 100vw, 185px\" \/>Die Totalstationen der Serie 100 aus dem Hause Sokkia werden nicht mehr produziert.\u00a0 Die passenden Nachfolgemodelle sind die Totalstation der Serie CX-10x. GLM Laserme\u00dftechnik bietet Ihnen einen\u00a0<a href=\"https:\/\/www.glm-laser.com\/glm\/leistungen\/ganzheitliche-loesungen\/\">Rundum-Service<\/a> (Inspektion, Reparatur, Verkauf und Beratung) f\u00fcr die Serie 100 an.<\/p>\n<p style=\"text-align: left;\" align=\"center\">SET2110 &#8211; SET3110 &#8211; SET4110<\/p>\n<p style=\"text-align: left;\" align=\"center\"><strong><u>Vielseitige Totalstation<\/u><\/strong><\/p>\n<p align=\"justify\">Sokkia\u00b4s fortschrittlichste mechanische, optische und elektronische Technologie verf\u00fcgbar in der Totalstation der Serie 100, machen diese Instrumente zum ultimativen Werkzeug f\u00fcr effektive Vermessungen. Die Serie 100 besitzt zwei gro\u00dfe Displays f\u00fcr die Kontrolle der Messung. Alphanumerische Tastatur und benutzerdefinierbare Softkeys erm\u00f6glichen eine einfache und schnelle Bedienung. Einige integrierte Programme:<\/p>\n<ul>\n<li>Job- und Punktverwaltung<\/li>\n<li>Absteckung<\/li>\n<li>Freie Stationierung<\/li>\n<li>Exzentrische Messungen<\/li>\n<li>3-D Koordinaten<\/li>\n<li>Horizontal- und Richtungswinkeleingabe<\/li>\n<li>Spannma\u00df<\/li>\n<li>Indirekte H\u00f6henmessung<\/li>\n<\/ul>\n<p align=\"justify\">Unser neustes Fernrohrdesign unterst\u00fctzt schnelle und pr\u00e4zise Messungen mit Entfernungsmessungen auf herk\u00f6mmliche Glasprismen oder, wenn dies nicht geeignet ist, auf Reflexionsfolie.<\/p>\n<div style=\"text-align: left;\" align=\"center\">\n<p style=\"text-align: left;\" align=\"center\">SET4110R &#8211; SET3110R<\/p>\n<p style=\"text-align: left;\" align=\"center\"><u><strong>Reflektor-Lose Totalstation<\/strong><\/u><\/p>\n<\/div>\n<p align=\"justify\">Neu von Sokkia gibt es jetzt eine Reflektorloses Modell derselben SET-100-Serie: SET4110R und SET3110R. Mit diesem Instrument gibt es die M\u00f6glichkeit Strecken zu Punkten an Geb\u00e4uden, Br\u00fccken oder Steinbr\u00fcchen ohne Reflektor zu messen. Dies ist ideal, wenn der Mess-Punkt selber nicht erreichbar ist. Die Reichweite ohne Reflektor betr\u00e4gt 100m &#8211; mit einem Reflektor bis zu 4000m. Das optische System von Fernrohrzielachse und Entfernungsmesser ist v\u00f6llig Ko-Axial, das hei\u00dft die Entfernung wird exakt zu dem angezielten Punkt gemessen. Die technischen Daten von Fernrohr und Winkelmessteil entsprechen denen des SET4110 bzw. SET3110.<\/p>\n<p align=\"justify\">W\u00fcnschen Sie weitere Informationen oder m\u00f6chten Sie einen Termin zur Inspektion vereinbaren? Dann schreiben Sie einfach uns eine <a href=\"mailto:werkstatt@glm-laser.com\">E-Mail<\/a>.<\/p>\n<div align=\"justify\"><\/div>\n<div align=\"justify\"><\/div>\n<div class=\"section\">\n<p><img loading=\"lazy\" decoding=\"async\" class=\"alignleft size-full wp-image-958\" src=\"https:\/\/www.glm-laser.com\/glm\/wp-content\/uploads\/pdf-icon.png\" alt=\"Download PDF\" width=\"38\" height=\"42\" \/><\/p>\n<p><a href=\"https:\/\/www.glm-laser.com\/glm\/wp-content\/uploads\/brochure_x110r.pdf\" target=\"_blank\" rel=\"noopener noreferrer\">Prospekt Sokkia SETx110R (307 kB)<br \/>\n<\/a><a href=\"https:\/\/www.glm-laser.com\/glm\/wp-content\/uploads\/sokkia_serie_100.pdf\" target=\"_blank\" rel=\"noopener noreferrer\">Prospekt Sokkia Serie 100 (236 kB)<\/a><\/p>\n<\/div>\n<p>&nbsp;<\/p>\n","protected":false},"excerpt":{"rendered":"<p>Die Totalstationen der Serie 100 aus dem Hause Sokkia Die Totalstationen der Serie 100 aus dem Hause Sokkia werden nicht mehr produziert.\u00a0 Die passenden Nachfolgemodelle sind die Totalstation der Serie CX-10x. GLM Laserme\u00dftechnik bietet Ihnen einen\u00a0Rundum-Service (Inspektion, Reparatur, Verkauf und Beratung) f\u00fcr die Serie 100 an. SET2110 &#8211; SET3110 &#8211; SET4110 Vielseitige Totalstation Sokkia\u00b4s fortschrittlichste [&hellip;]<\/p>\n","protected":false},"author":1,"featured_media":0,"parent":863,"menu_order":0,"comment_status":"closed","ping_status":"closed","template":"page_submenu.php","meta":{"footnotes":""},"class_list":["post-2816","page","type-page","status-publish","hentry"],"_links":{"self":[{"href":"https:\/\/www.glm-laser.com\/glm\/wp-json\/wp\/v2\/pages\/2816"}],"collection":[{"href":"https:\/\/www.glm-laser.com\/glm\/wp-json\/wp\/v2\/pages"}],"about":[{"href":"https:\/\/www.glm-laser.com\/glm\/wp-json\/wp\/v2\/types\/page"}],"author":[{"embeddable":true,"href":"https:\/\/www.glm-laser.com\/glm\/wp-json\/wp\/v2\/users\/1"}],"replies":[{"embeddable":true,"href":"https:\/\/www.glm-laser.com\/glm\/wp-json\/wp\/v2\/comments?post=2816"}],"version-history":[{"count":26,"href":"https:\/\/www.glm-laser.com\/glm\/wp-json\/wp\/v2\/pages\/2816\/revisions"}],"predecessor-version":[{"id":7848,"href":"https:\/\/www.glm-laser.com\/glm\/wp-json\/wp\/v2\/pages\/2816\/revisions\/7848"}],"up":[{"embeddable":true,"href":"https:\/\/www.glm-laser.com\/glm\/wp-json\/wp\/v2\/pages\/863"}],"wp:attachment":[{"href":"https:\/\/www.glm-laser.com\/glm\/wp-json\/wp\/v2\/media?parent=2816"}],"curies":[{"name":"wp","href":"https:\/\/api.w.org\/{rel}","templated":true}]}}