{"id":471,"date":"2015-08-05T13:36:03","date_gmt":"2015-08-05T11:36:03","guid":{"rendered":"http:\/\/www.glm-laser.com\/?page_id=471"},"modified":"2018-06-11T10:49:44","modified_gmt":"2018-06-11T08:49:44","slug":"datenschutzerklaerung","status":"publish","type":"page","link":"https:\/\/www.glm-laser.com\/glm\/ueber-glm\/kontakt\/datenschutzerklaerung\/","title":{"rendered":"Datenschutzerkl\u00e4rung"},"content":{"rendered":"<div id=\"dmaker_preview\" class=\"code\">\n<div id=\"dmaker_preview_privacy\">\n<h1><strong>Datenschutzerkl\u00e4rung<\/strong><\/h1>\n<p>[janolaw_datenschutzerklaerung]<\/p>\n<h2>Datenschutzerkl\u00e4rung Google Maps<\/h2>\n<p>Diese Webseite verwendet das Produkt Google Maps von Google Inc. Durch Nutzung dieser Webseite erkl\u00e4ren Sie sich mit der Erfassung, Bearbeitung sowie Nutzung der automatisiert erhobenen Daten durch Google Inc, deren Vertreter sowie Dritter einverstanden. Die Nutzungsbedingungen von Google Maps finden sie unter <a href=\"https:\/\/www.google.com\/intl\/de_de\/help\/terms_maps.html\">&#8222;Nutzungsbedingungen von Google Maps&#8220;<\/a>.<\/p>\n<\/div>\n<\/div>\n","protected":false},"excerpt":{"rendered":"<p>Datenschutzerkl\u00e4rung [janolaw_datenschutzerklaerung] Datenschutzerkl\u00e4rung Google Maps Diese Webseite verwendet das Produkt Google Maps von Google Inc. Durch Nutzung dieser Webseite erkl\u00e4ren Sie sich mit der Erfassung, Bearbeitung sowie Nutzung der automatisiert erhobenen Daten durch Google Inc, deren Vertreter sowie Dritter einverstanden. Die Nutzungsbedingungen von Google Maps finden sie unter &#8222;Nutzungsbedingungen von Google Maps&#8220;.<\/p>\n","protected":false},"author":1,"featured_media":0,"parent":21,"menu_order":98,"comment_status":"open","ping_status":"open","template":"","meta":{"footnotes":""},"class_list":["post-471","page","type-page","status-publish","hentry"],"_links":{"self":[{"href":"https:\/\/www.glm-laser.com\/glm\/wp-json\/wp\/v2\/pages\/471"}],"collection":[{"href":"https:\/\/www.glm-laser.com\/glm\/wp-json\/wp\/v2\/pages"}],"about":[{"href":"https:\/\/www.glm-laser.com\/glm\/wp-json\/wp\/v2\/types\/page"}],"author":[{"embeddable":true,"href":"https:\/\/www.glm-laser.com\/glm\/wp-json\/wp\/v2\/users\/1"}],"replies":[{"embeddable":true,"href":"https:\/\/www.glm-laser.com\/glm\/wp-json\/wp\/v2\/comments?post=471"}],"version-history":[{"count":5,"href":"https:\/\/www.glm-laser.com\/glm\/wp-json\/wp\/v2\/pages\/471\/revisions"}],"predecessor-version":[{"id":4260,"href":"https:\/\/www.glm-laser.com\/glm\/wp-json\/wp\/v2\/pages\/471\/revisions\/4260"}],"up":[{"embeddable":true,"href":"https:\/\/www.glm-laser.com\/glm\/wp-json\/wp\/v2\/pages\/21"}],"wp:attachment":[{"href":"https:\/\/www.glm-laser.com\/glm\/wp-json\/wp\/v2\/media?parent=471"}],"curies":[{"name":"wp","href":"https:\/\/api.w.org\/{rel}","templated":true}]}}