{"id":5021,"date":"2020-05-19T20:39:23","date_gmt":"2020-05-19T18:39:23","guid":{"rendered":"https:\/\/www.glm-laser.com\/glm\/?page_id=5021"},"modified":"2020-10-16T13:47:08","modified_gmt":"2020-10-16T11:47:08","slug":"rahmenvermessung-zweiwegebagger","status":"publish","type":"page","link":"https:\/\/www.glm-laser.com\/glm\/3d-messsysteme-branchen\/messsystem-schienenfahrzeuge\/referenenzliste-gemessener-gleisbaufahrzeuge-referenenzliste-gemessener-gleisbaufahrzeuge\/rahmenvermessung-zweiwegebagger\/","title":{"rendered":"Rahmenvermessung Zweiwegebagger"},"content":{"rendered":"<h1 class=\"wp-block-heading\">Rahmenvermessung Zweiwegebagger<\/h1>\n<div class=\"wp-block-image Rahmenvermessung Zweiwegebagger\">\n<figure class=\"alignright is-resized\"><img loading=\"lazy\" decoding=\"async\" src=\"https:\/\/www.glm-laser.com\/glm\/wp-content\/uploads\/ZweiWegeBagger_2-300x155.png\" alt=\"Rahmenvermessung Zweiwegebagger\" class=\"wp-image-5022\" width=\"300\" height=\"155\" srcset=\"https:\/\/www.glm-laser.com\/glm\/wp-content\/uploads\/ZweiWegeBagger_2-300x155.png 300w, https:\/\/www.glm-laser.com\/glm\/wp-content\/uploads\/ZweiWegeBagger_2-768x397.png 768w, https:\/\/www.glm-laser.com\/glm\/wp-content\/uploads\/ZweiWegeBagger_2-1024x529.png 1024w, https:\/\/www.glm-laser.com\/glm\/wp-content\/uploads\/ZweiWegeBagger_2.png 1575w\" sizes=\"(max-width: 300px) 100vw, 300px\" \/><\/figure>\n<\/div>\n<p style=\"text-align:left\">Der Zweiwegebagger geh\u00f6rt zu der Gruppe der <a href=\"https:\/\/de.wikipedia.org\/wiki\/Zweiwegefahrzeug\" target=\"_blank\" rel=\"noreferrer noopener\" aria-label=\"Zweiwegefahrzeuge (\u00f6ffnet in neuem Tab)\">Zweiwegefahrzeuge<\/a>. Diese k\u00f6nnen auf Gleisen sowie auf Stra\u00dfen fahren.<\/p>\n<p style=\"text-align:left\">Nach der <a rel=\"noreferrer noopener\" aria-label=\"Eisenbahn \u2013Bau- und Betriebsordnung (EBO) (\u00f6ffnet in neuem Tab)\" href=\"https:\/\/de.wikipedia.org\/wiki\/Eisenbahn-Bau-_und_Betriebsordnung\" target=\"_blank\">Eisenbahn \u2013Bau- und Betriebsordnung (EBO)<\/a> ist im Zuge von bestimmten Instandhaltungsma\u00dfnahmen (z.B. bei Revision) auch bei dem Zweiwegebagger eine Rahmenvermessung verlangt.<\/p>\n<p style=\"text-align:left\">Als Grundlage der Rahmenvermessung lehnt GLM sich hierbei an die DIN EN 13775-1 an. Diese Richtlinie gilt zwar f\u00fcr G\u00fcterwagen beim Neubau und bei Umbauten, allerdings gibt es f\u00fcr die Zweiwegefahrzeuge bis dato keine eigene Richtlinie. Nach unserer Ansicht kann dieses Regelwerk am ehesten auf Zweiwegefahrzeuge angewandt werden.<\/p>\n<p>Erfasst wird bei dem Zweiwegebagger unter anderem:<\/p>\n<ul class=\"wp-block-list\">\n<li>Ebenheit<\/li>\n<li>Differenz Diagonalabstand<\/li>\n<li>Symmetrien<\/li>\n<li>Durchhang<\/li>\n<\/ul>\n<p>GLM liefert das Knowhow hierf\u00fcr. Ob als Systemlieferant oder Messdienstleister, mit den <a rel=\"noreferrer noopener\" aria-label=\"D Messsystemen (\u00f6ffnet in neuem Tab)\" href=\"https:\/\/www.glm-laser.com\/glm\/ueber-glm\/3d-messsysteme\/\" target=\"_blank\">3D Messsystemen<\/a> aus dem Hause GLM ist die Rahmenvermessung in k\u00fcrze durchgef\u00fchrt. Haben Sie Fragen? W\u00fcnschen Sie weitere Informationen? Schreiben Sie uns bitte ein E-Mail, wir beraten Sie gern.<\/p>\n","protected":false},"excerpt":{"rendered":"<p>Rahmenvermessung Zweiwegebagger Der Zweiwegebagger geh\u00f6rt zu der Gruppe der Zweiwegefahrzeuge. Diese k\u00f6nnen auf Gleisen sowie auf Stra\u00dfen fahren. Nach der Eisenbahn \u2013Bau- und Betriebsordnung (EBO) ist im Zuge von bestimmten Instandhaltungsma\u00dfnahmen (z.B. bei Revision) auch bei dem Zweiwegebagger eine Rahmenvermessung verlangt. Als Grundlage der Rahmenvermessung lehnt GLM sich hierbei an die DIN EN 13775-1 an. [&hellip;]<\/p>\n","protected":false},"author":2,"featured_media":0,"parent":1470,"menu_order":0,"comment_status":"closed","ping_status":"closed","template":"page_submenu.php","meta":{"footnotes":""},"class_list":["post-5021","page","type-page","status-publish","hentry"],"_links":{"self":[{"href":"https:\/\/www.glm-laser.com\/glm\/wp-json\/wp\/v2\/pages\/5021"}],"collection":[{"href":"https:\/\/www.glm-laser.com\/glm\/wp-json\/wp\/v2\/pages"}],"about":[{"href":"https:\/\/www.glm-laser.com\/glm\/wp-json\/wp\/v2\/types\/page"}],"author":[{"embeddable":true,"href":"https:\/\/www.glm-laser.com\/glm\/wp-json\/wp\/v2\/users\/2"}],"replies":[{"embeddable":true,"href":"https:\/\/www.glm-laser.com\/glm\/wp-json\/wp\/v2\/comments?post=5021"}],"version-history":[{"count":6,"href":"https:\/\/www.glm-laser.com\/glm\/wp-json\/wp\/v2\/pages\/5021\/revisions"}],"predecessor-version":[{"id":5029,"href":"https:\/\/www.glm-laser.com\/glm\/wp-json\/wp\/v2\/pages\/5021\/revisions\/5029"}],"up":[{"embeddable":true,"href":"https:\/\/www.glm-laser.com\/glm\/wp-json\/wp\/v2\/pages\/1470"}],"wp:attachment":[{"href":"https:\/\/www.glm-laser.com\/glm\/wp-json\/wp\/v2\/media?parent=5021"}],"curies":[{"name":"wp","href":"https:\/\/api.w.org\/{rel}","templated":true}]}}