{"id":5571,"date":"2020-07-10T13:25:37","date_gmt":"2020-07-10T11:25:37","guid":{"rendered":"https:\/\/www.glm-laser.com\/glm\/?page_id=5571"},"modified":"2020-10-29T15:04:06","modified_gmt":"2020-10-29T14:04:06","slug":"stahlwasserbau","status":"publish","type":"page","link":"https:\/\/www.glm-laser.com\/glm\/3d-messsysteme-branchen\/vermessung-stahlbau\/stahlwasserbau\/","title":{"rendered":"Stahlwasserbau"},"content":{"rendered":"<h1 class=\"wp-block-heading\">Stahlwasserbau<\/h1>\n<div class=\"wp-block-image\">\n<figure class=\"alignright is-resized\"><img loading=\"lazy\" decoding=\"async\" src=\"https:\/\/www.glm-laser.com\/glm\/wp-content\/uploads\/Bild-012-1024x768.jpg\" alt=\"Schleuse_3\" class=\"wp-image-5577\" width=\"335\" height=\"251\" srcset=\"https:\/\/www.glm-laser.com\/glm\/wp-content\/uploads\/Bild-012-1024x768.jpg 1024w, https:\/\/www.glm-laser.com\/glm\/wp-content\/uploads\/Bild-012-300x225.jpg 300w, https:\/\/www.glm-laser.com\/glm\/wp-content\/uploads\/Bild-012-768x576.jpg 768w\" sizes=\"(max-width: 335px) 100vw, 335px\" \/><\/figure>\n<\/div>\n<p>Stahlwasserkonstruktionen sind durch den Einfluss der<br \/>\nWassermassen enormen Belastungen &nbsp;ausgesetzt. Daher muss w\u00e4hrend der Fertigung eine kontinuierliche \u00dcberpr\u00fcfung der Ma\u00dfhaltigkeit erfolgen. Auch beim sp\u00e4teren Einbau ist eine stetige Kontrolle erforderlich.<\/p>\n<p>In Deutschland ist eine gro\u00dfe Anzahl der Stahlwasserkonstruktionen im Bereich der Wasser- und Schifffahrtsverwaltung des Bundes (WSV) in der ersten H\u00e4lfte des letzten Jahrhunderts entstanden. Mittlerweile sind sie am Ende ihrer Lebensdauer und m\u00fcssen durch Nachbauten ersetzt werden. Damit der Nachbau sicher in die vorhandenen Anlagen eingebaut werden kann, m\u00fcssen die bestehenden Anlagen vor Ort vermessen werden. Hier kommen die Vorteile unseres mobilen 3D Messsystems voll zum tragen.<\/p>\n<h4 class=\"wp-block-heading\">Erfassung der geometrischen Formen im Stahlwasserbau:<\/h4>\n<div style=\"height:20px\" aria-hidden=\"true\" class=\"wp-block-spacer\"><\/div>\n<ul class=\"wp-block-list\">\n<li>Spundw\u00e4nde<\/li>\n<li>Anlegedalben<\/li>\n<li>Reibpf\u00e4hle<\/li>\n<li>R\u00fcckverankerte Kaimauern<\/li>\n<li>Schleusentore<\/li>\n<li>Tiefsch\u00fctz von Staud\u00e4mmen<\/li>\n<li>Schleusen,<\/li>\n<li>Wehranlagen<\/li>\n<li>Schiffshebewerke<\/li>\n<li>Staud\u00e4mme<\/li>\n<li>Wasserkraftanlagen<\/li>\n<li>bewegliche Br\u00fccken<\/li>\n<li>Not- und Revisionsverschl\u00fcsse <\/li>\n<\/ul>\n<figure class=\"wp-block-image\"><img loading=\"lazy\" decoding=\"async\" width=\"1024\" height=\"443\" src=\"https:\/\/www.glm-laser.com\/glm\/wp-content\/uploads\/Bild-061-1024x443.jpg\" alt=\"Schleuse_1\" class=\"wp-image-5575\" srcset=\"https:\/\/www.glm-laser.com\/glm\/wp-content\/uploads\/Bild-061-1024x443.jpg 1024w, https:\/\/www.glm-laser.com\/glm\/wp-content\/uploads\/Bild-061-300x130.jpg 300w, https:\/\/www.glm-laser.com\/glm\/wp-content\/uploads\/Bild-061-768x332.jpg 768w\" sizes=\"(max-width: 1024px) 100vw, 1024px\" \/><\/figure>\n","protected":false},"excerpt":{"rendered":"<p>Stahlwasserbau Stahlwasserkonstruktionen sind durch den Einfluss der Wassermassen enormen Belastungen &nbsp;ausgesetzt. Daher muss w\u00e4hrend der Fertigung eine kontinuierliche \u00dcberpr\u00fcfung der Ma\u00dfhaltigkeit erfolgen. Auch beim sp\u00e4teren Einbau ist eine stetige Kontrolle erforderlich. In Deutschland ist eine gro\u00dfe Anzahl der Stahlwasserkonstruktionen im Bereich der Wasser- und Schifffahrtsverwaltung des Bundes (WSV) in der ersten H\u00e4lfte des letzten Jahrhunderts [&hellip;]<\/p>\n","protected":false},"author":4,"featured_media":0,"parent":1482,"menu_order":0,"comment_status":"closed","ping_status":"closed","template":"page_submenu.php","meta":{"footnotes":""},"class_list":["post-5571","page","type-page","status-publish","hentry"],"_links":{"self":[{"href":"https:\/\/www.glm-laser.com\/glm\/wp-json\/wp\/v2\/pages\/5571"}],"collection":[{"href":"https:\/\/www.glm-laser.com\/glm\/wp-json\/wp\/v2\/pages"}],"about":[{"href":"https:\/\/www.glm-laser.com\/glm\/wp-json\/wp\/v2\/types\/page"}],"author":[{"embeddable":true,"href":"https:\/\/www.glm-laser.com\/glm\/wp-json\/wp\/v2\/users\/4"}],"replies":[{"embeddable":true,"href":"https:\/\/www.glm-laser.com\/glm\/wp-json\/wp\/v2\/comments?post=5571"}],"version-history":[{"count":15,"href":"https:\/\/www.glm-laser.com\/glm\/wp-json\/wp\/v2\/pages\/5571\/revisions"}],"predecessor-version":[{"id":8873,"href":"https:\/\/www.glm-laser.com\/glm\/wp-json\/wp\/v2\/pages\/5571\/revisions\/8873"}],"up":[{"embeddable":true,"href":"https:\/\/www.glm-laser.com\/glm\/wp-json\/wp\/v2\/pages\/1482"}],"wp:attachment":[{"href":"https:\/\/www.glm-laser.com\/glm\/wp-json\/wp\/v2\/media?parent=5571"}],"curies":[{"name":"wp","href":"https:\/\/api.w.org\/{rel}","templated":true}]}}