{"id":5956,"date":"2020-08-05T16:04:41","date_gmt":"2020-08-05T14:04:41","guid":{"rendered":"https:\/\/www.glm-laser.com\/glm\/?page_id=5956"},"modified":"2020-11-10T12:05:43","modified_gmt":"2020-11-10T11:05:43","slug":"drehrohroefen","status":"publish","type":"page","link":"https:\/\/www.glm-laser.com\/glm\/3d-messsysteme-branchen\/maschinenausrichtung\/drehrohroefen\/","title":{"rendered":"Drehrohrofen"},"content":{"rendered":"<h1 class=\"wp-block-heading\">Drehrohrofen<\/h1>\n<h1 class=\"wp-block-heading\">Bestimmen der Drehrohrofengeometrie<\/h1>\n<p>Mit unserem <a rel=\"noreferrer noopener\" aria-label=\"3D Messsystem (\u00f6ffnet in neuem Tab)\" href=\"https:\/\/www.glm-laser.com\/glm\/ueber-glm\/3d-messsysteme\/\" target=\"_blank\">3D Messsystem<\/a> k\u00f6nnen Sie fr\u00fchzeitig Sch\u00e4den an Ihrem <a rel=\"noreferrer noopener\" aria-label=\"Drehofen (\u00f6ffnet in neuem Tab)\" href=\"https:\/\/de.wikipedia.org\/wiki\/Drehrohrofen\" target=\"_blank\">Drehrohrofen<\/a> identifizieren und erh\u00f6hen damit die Verf\u00fcgbarkeit.<\/p>\n<div class=\"wp-block-image\">\n<figure class=\"alignleft is-resized\"><a href=\"https:\/\/www.glm-laser.com\/glm\/wp-content\/uploads\/IMG_7941-2.jpg\" class=\"gallery_colorbox\"><img loading=\"lazy\" decoding=\"async\" src=\"https:\/\/www.glm-laser.com\/glm\/wp-content\/uploads\/IMG_7941-2-962x1024.jpg\"  alt=\"Messkopf Drehofen\" class=\"wp-image-5980\" width=\"181\" height=\"192\" srcset=\"https:\/\/www.glm-laser.com\/glm\/wp-content\/uploads\/IMG_7941-2-962x1024.jpg 962w, https:\/\/www.glm-laser.com\/glm\/wp-content\/uploads\/IMG_7941-2-282x300.jpg 282w, https:\/\/www.glm-laser.com\/glm\/wp-content\/uploads\/IMG_7941-2-768x818.jpg 768w\" sizes=\"(max-width: 181px) 100vw, 181px\" \/><\/a><\/figure>\n<\/div>\n<div class=\"wp-block-image\">\n<figure class=\"alignright is-resized\"><a href=\"https:\/\/www.glm-laser.com\/glm\/wp-content\/uploads\/IMG_7930.jpg\" class=\"gallery_colorbox\"><img loading=\"lazy\" decoding=\"async\" src=\"https:\/\/www.glm-laser.com\/glm\/wp-content\/uploads\/IMG_7930-768x1024.jpg\"  alt=\"Profil Drehofen\" class=\"wp-image-5959\" width=\"137\" height=\"182\" srcset=\"https:\/\/www.glm-laser.com\/glm\/wp-content\/uploads\/IMG_7930-768x1024.jpg 768w, https:\/\/www.glm-laser.com\/glm\/wp-content\/uploads\/IMG_7930-225x300.jpg 225w\" sizes=\"(max-width: 137px) 100vw, 137px\" \/><\/a><\/figure>\n<\/div>\n<p>Mit dem 3D Messsystem k\u00f6nnen Sie w\u00e4hrend des Betriebs schnell und genau vermessen. Vertikale und horizontale Abweichungen der Drehrohrofenachse sowie die Exzentrizit\u00e4t des St\u00fctzrings. Durch die fr\u00fchzeitige Erkennung m\u00f6glicher Sch\u00e4den wird die Anlagenverf\u00fcgbarkeit um ein Vielfaches erh\u00f6ht.<\/p>\n<p><strong>Die Messung der Drehrohr\u00f6fen erfolgt im laufenden Betrieb<\/strong><\/p>\n<div style=\"height:100px\" aria-hidden=\"true\" class=\"wp-block-spacer\"><\/div>\n<p>Die Auswertung der gemessenen Daten wird mit <a rel=\"noreferrer noopener\" aria-label=\"3-DIM PC Basic (\u00f6ffnet in neuem Tab)\" href=\"https:\/\/www.glm-laser.com\/glm\/software-2\/pc-software-2\/3d-vermessung-software\/\" target=\"_blank\">3-DIM PC Basic<\/a> durchgef\u00fchrt. Durch die visuelle Darstellung der Messergebnisse kann das Servicepersonal vor Ort entsprechende Korrekturen an den St\u00fctzrollen vornehmen. Sollte basierend auf den ersten Ergebnissen weitere Messungen erforderlich sein, dann k\u00f6nnen Sie sich mit unserem 3D Messsystem zu jeder Zeit wieder in ihre vorherige Messung einmessen und zus\u00e4tzliche Punkte aufnehmen, z.B. Messpunkte, die f\u00fcr die Deformation&#8211; oder Ovalit\u00e4tsanalyse erforderlich sind.<\/p>\n<h1 class=\"wp-block-heading\">Anschauliche Grafiken &nbsp;zum Ausrichten der Anlage<\/h1>\n<figure class=\"wp-block-image\"><a href=\"https:\/\/www.glm-laser.com\/glm\/wp-content\/uploads\/Klin1-2.png\" class=\"gallery_colorbox\"><img loading=\"lazy\" decoding=\"async\" width=\"1024\" height=\"543\" src=\"https:\/\/www.glm-laser.com\/glm\/wp-content\/uploads\/Klin1-2-1024x543.png\"  alt=\"\" class=\"wp-image-5975\" srcset=\"https:\/\/www.glm-laser.com\/glm\/wp-content\/uploads\/Klin1-2-1024x543.png 1024w, https:\/\/www.glm-laser.com\/glm\/wp-content\/uploads\/Klin1-2-300x159.png 300w, https:\/\/www.glm-laser.com\/glm\/wp-content\/uploads\/Klin1-2-768x407.png 768w, https:\/\/www.glm-laser.com\/glm\/wp-content\/uploads\/Klin1-2.png 1429w\" sizes=\"(max-width: 1024px) 100vw, 1024px\" \/><\/a><figcaption>Festlegen der Achse durch den 1. und letzten St\u00fctzring<\/figcaption><\/figure>\n<figure class=\"wp-block-image\"><a href=\"https:\/\/www.glm-laser.com\/glm\/wp-content\/uploads\/Kiln2-2.png\" class=\"gallery_colorbox\"><img loading=\"lazy\" decoding=\"async\" width=\"1024\" height=\"545\" src=\"https:\/\/www.glm-laser.com\/glm\/wp-content\/uploads\/Kiln2-2-1024x545.png\"  alt=\"\" class=\"wp-image-5977\" srcset=\"https:\/\/www.glm-laser.com\/glm\/wp-content\/uploads\/Kiln2-2-1024x545.png 1024w, https:\/\/www.glm-laser.com\/glm\/wp-content\/uploads\/Kiln2-2-300x160.png 300w, https:\/\/www.glm-laser.com\/glm\/wp-content\/uploads\/Kiln2-2-768x408.png 768w, https:\/\/www.glm-laser.com\/glm\/wp-content\/uploads\/Kiln2-2.png 1429w\" sizes=\"(max-width: 1024px) 100vw, 1024px\" \/><\/a><figcaption>Abweichung am mittleren St\u00fctzring<\/figcaption><\/figure>\n<h1 class=\"wp-block-heading\">Ihre Vorteile:<\/h1>\n<p>Messungen k\u00f6nnen im laufenden Betrieb erfolgen<\/p>\n<ul class=\"wp-block-list\">\n<li>1 Mann Betrieb ist m\u00f6glich<\/li>\n<li>Erh\u00f6hen der Anlagenverf\u00fcgbarkeit <\/li>\n<li>Genaue Anweisungen f\u00fcr das Service Personal  sind ableitbar<\/li>\n<li>Dreh\u00f6fen aller Hersteller und Dimensionen k\u00f6nnen vermessen werden<\/li>\n<\/ul>\n<h2 class=\"wp-block-heading\">Systemkomponenten:<\/h2>\n<ul class=\"wp-block-list\">\n<li>Industrietachymeter<\/li>\n<li><a href=\"https:\/\/www.glm-laser.com\/glm\/software-2\/pc-software-2\/3d-vermessung-software\/\">3 DIM PC Basic<\/a><\/li>\n<li><a href=\"https:\/\/www.glm-laser.com\/glm\/software-2\/pc-software-2\/3d-vermessung-software\/\">3 DIM<\/a><a href=\"https:\/\/www.glm-laser.com\/glm\/software-2\/poket-pc\/3-dim-observer\/\"> <\/a><a href=\"https:\/\/www.glm-laser.com\/glm\/software-2\/pc-software-2\/3d-vermessung-software\/\">Observer<\/a><\/li>\n<li>Target Wheel<\/li>\n<li><a href=\"https:\/\/www.glm-laser.com\/glm\/optische-vermessungsinstrumente-3\/zubehoer-2\/prismen-und-prismenstaebe\/\">Kugelprismen<\/a><\/li>\n<\/ul>\n","protected":false},"excerpt":{"rendered":"<p>Drehrohrofen Bestimmen der Drehrohrofengeometrie Mit unserem 3D Messsystem k\u00f6nnen Sie fr\u00fchzeitig Sch\u00e4den an Ihrem Drehrohrofen identifizieren und erh\u00f6hen damit die Verf\u00fcgbarkeit. Mit dem 3D Messsystem k\u00f6nnen Sie w\u00e4hrend des Betriebs schnell und genau vermessen. Vertikale und horizontale Abweichungen der Drehrohrofenachse sowie die Exzentrizit\u00e4t des St\u00fctzrings. Durch die fr\u00fchzeitige Erkennung m\u00f6glicher Sch\u00e4den wird die Anlagenverf\u00fcgbarkeit um [&hellip;]<\/p>\n","protected":false},"author":4,"featured_media":0,"parent":127,"menu_order":1,"comment_status":"closed","ping_status":"closed","template":"page_submenu.php","meta":{"footnotes":""},"class_list":["post-5956","page","type-page","status-publish","hentry"],"_links":{"self":[{"href":"https:\/\/www.glm-laser.com\/glm\/wp-json\/wp\/v2\/pages\/5956"}],"collection":[{"href":"https:\/\/www.glm-laser.com\/glm\/wp-json\/wp\/v2\/pages"}],"about":[{"href":"https:\/\/www.glm-laser.com\/glm\/wp-json\/wp\/v2\/types\/page"}],"author":[{"embeddable":true,"href":"https:\/\/www.glm-laser.com\/glm\/wp-json\/wp\/v2\/users\/4"}],"replies":[{"embeddable":true,"href":"https:\/\/www.glm-laser.com\/glm\/wp-json\/wp\/v2\/comments?post=5956"}],"version-history":[{"count":23,"href":"https:\/\/www.glm-laser.com\/glm\/wp-json\/wp\/v2\/pages\/5956\/revisions"}],"predecessor-version":[{"id":9618,"href":"https:\/\/www.glm-laser.com\/glm\/wp-json\/wp\/v2\/pages\/5956\/revisions\/9618"}],"up":[{"embeddable":true,"href":"https:\/\/www.glm-laser.com\/glm\/wp-json\/wp\/v2\/pages\/127"}],"wp:attachment":[{"href":"https:\/\/www.glm-laser.com\/glm\/wp-json\/wp\/v2\/media?parent=5956"}],"curies":[{"name":"wp","href":"https:\/\/api.w.org\/{rel}","templated":true}]}}