{"id":6359,"date":"2020-10-14T09:13:18","date_gmt":"2020-10-14T07:13:18","guid":{"rendered":"https:\/\/www.glm-laser.com\/glm\/?page_id=6359"},"modified":"2020-10-27T16:39:24","modified_gmt":"2020-10-27T15:39:24","slug":"vermessung-einer-schleuse","status":"publish","type":"page","link":"https:\/\/www.glm-laser.com\/glm\/3d-messsysteme-branchen\/vermessung-stahlbau\/vermessung-einer-schleuse\/","title":{"rendered":"Vermessung einer Schleuse"},"content":{"rendered":"<h1 class=\"wp-block-heading\">Vermessung einer Schleuse<\/h1>\n<div class=\"wp-block-image\">\n<figure class=\"alignright is-resized\"><a href=\"https:\/\/www.glm-laser.com\/glm\/wp-content\/uploads\/P1010142.jpg\" class=\"gallery_colorbox\"><img loading=\"lazy\" decoding=\"async\" src=\"https:\/\/www.glm-laser.com\/glm\/wp-content\/uploads\/P1010142-1024x766.jpg\"  alt=\"Schleusentore\" class=\"wp-image-5573\" width=\"237\" height=\"176\" srcset=\"https:\/\/www.glm-laser.com\/glm\/wp-content\/uploads\/P1010142-1024x766.jpg 1024w, https:\/\/www.glm-laser.com\/glm\/wp-content\/uploads\/P1010142-300x224.jpg 300w, https:\/\/www.glm-laser.com\/glm\/wp-content\/uploads\/P1010142-768x575.jpg 768w\" sizes=\"(max-width: 237px) 100vw, 237px\" \/><\/a><\/figure>\n<\/div>\n<p>Die deutschen Wasserstra\u00dfen sind Hauptschlagadern f\u00fcr den G\u00fctertransport. Schiffe bef\u00f6rdern auf den deutschen Binnen Kan\u00e4len und Fl\u00fcssen Millionen Tonnen G\u00fcter. Jedoch weisen viele Wasserstra\u00dfen einen gewaltigen Sanierungsstau auf. Mehr als die H\u00e4lfte der deutschen Schleusen sind marode und m\u00fcssen Instandgesetzt werden. Ansonsten droht ihre Stilllegung. Es gilt nun schnell und effizient die Schleusen zu sanieren bzw. zu ersetzten.  Daher m\u00fcssen die Schleusen hoch pr\u00e4zise vermessen werden. <\/p>\n<p>Mittels einer 3D Vermessung werden die geometrischen Bauwerkseigenschaften der Anlage im Normalbetrieb festgestellt und anschlie\u00dfend messtechnisch bewertet. Dank unserem <a href=\"https:\/\/www.glm-laser.com\/glm\/ueber-glm\/3d-messsysteme\/\">3D Messsystems<\/a> k\u00f6nnen Sie selbst aufwendige Lagemessungen, H\u00f6hen- und Abstandsmessungen sicher und zuverl\u00e4ssig bestimmen. Dabei bestimmt unser 3D Messsystem pr\u00e4zise den \u00dcbergang vom Massivbau zu den beweglichen Teilen. Dar\u00fcberhinaus ist das <a href=\"https:\/\/www.glm-laser.com\/glm\/optical-survey-instruments\/3d-messsysteme\/\">3D Messsystem<\/a> von GLM extrem mobil und kann durch eine Person bedient werden.<\/p>\n<p>Dank der graphischen Darstellung k\u00f6nnen Sie bei der Auswertung die Verformungen in X, Y, Z einfach visualisieren.  <\/p>\n<p>Die Ansteuerung des Instrumentes, sowie die Evaluierung und Dokumentation der Messdaten, \u00fcbernimmt unsere <a href=\"https:\/\/www.glm-laser.com\/glm\/software\/\">Software<\/a>&nbsp;(<a href=\"https:\/\/www.glm-laser.com\/glm\/software-2\/pc-software-2\/3d-vermessung-software\/\">3-DIM PC Basic<\/a>). <\/p>\n","protected":false},"excerpt":{"rendered":"<p>Vermessung einer Schleuse Die deutschen Wasserstra\u00dfen sind Hauptschlagadern f\u00fcr den G\u00fctertransport. Schiffe bef\u00f6rdern auf den deutschen Binnen Kan\u00e4len und Fl\u00fcssen Millionen Tonnen G\u00fcter. Jedoch weisen viele Wasserstra\u00dfen einen gewaltigen Sanierungsstau auf. Mehr als die H\u00e4lfte der deutschen Schleusen sind marode und m\u00fcssen Instandgesetzt werden. Ansonsten droht ihre Stilllegung. Es gilt nun schnell und effizient die [&hellip;]<\/p>\n","protected":false},"author":4,"featured_media":0,"parent":1482,"menu_order":2,"comment_status":"closed","ping_status":"closed","template":"page_submenu.php","meta":{"footnotes":""},"class_list":["post-6359","page","type-page","status-publish","hentry"],"_links":{"self":[{"href":"https:\/\/www.glm-laser.com\/glm\/wp-json\/wp\/v2\/pages\/6359"}],"collection":[{"href":"https:\/\/www.glm-laser.com\/glm\/wp-json\/wp\/v2\/pages"}],"about":[{"href":"https:\/\/www.glm-laser.com\/glm\/wp-json\/wp\/v2\/types\/page"}],"author":[{"embeddable":true,"href":"https:\/\/www.glm-laser.com\/glm\/wp-json\/wp\/v2\/users\/4"}],"replies":[{"embeddable":true,"href":"https:\/\/www.glm-laser.com\/glm\/wp-json\/wp\/v2\/comments?post=6359"}],"version-history":[{"count":22,"href":"https:\/\/www.glm-laser.com\/glm\/wp-json\/wp\/v2\/pages\/6359\/revisions"}],"predecessor-version":[{"id":8820,"href":"https:\/\/www.glm-laser.com\/glm\/wp-json\/wp\/v2\/pages\/6359\/revisions\/8820"}],"up":[{"embeddable":true,"href":"https:\/\/www.glm-laser.com\/glm\/wp-json\/wp\/v2\/pages\/1482"}],"wp:attachment":[{"href":"https:\/\/www.glm-laser.com\/glm\/wp-json\/wp\/v2\/media?parent=6359"}],"curies":[{"name":"wp","href":"https:\/\/api.w.org\/{rel}","templated":true}]}}