{"id":729,"date":"2016-04-18T09:42:50","date_gmt":"2016-04-18T07:42:50","guid":{"rendered":"http:\/\/www.glm-laser.com\/?page_id=729"},"modified":"2019-07-11T13:07:02","modified_gmt":"2019-07-11T11:07:02","slug":"sokkia-dx-serie","status":"publish","type":"page","link":"https:\/\/www.glm-laser.com\/glm\/optische-vermessungsinstrumente-3\/uebersicht\/sokkia-dx-serie\/","title":{"rendered":"Sokkia DX Serie"},"content":{"rendered":"<h1>Die motorisierte Totalstation DX-10x aus dem Hause Sokkia<\/h1>\n<ul>\n<li><img loading=\"lazy\" decoding=\"async\" class=\"alignright size-full wp-image-1140\" src=\"https:\/\/www.glm-laser.com\/glm\/wp-content\/uploads\/sokkia-dx-totalstation.jpg\" alt=\"sokkia-dx-totalstation\" width=\"199\" height=\"265\">Erweiterte Sicherheit und verbesserter Service mit dem neuen TSschield\u2122<\/li>\n<li>PowerTrac\u2122-Technolgie<\/li>\n<li>Schnelle und leistungsstarke EDM-Technologie<\/li>\n<li>Exklusive LongLink\u2122-Daten\u00fcbertragung<\/li>\n<li>Hervorragende Winkelmessgenauigkeit<\/li>\n<li>Robustes, staub- und wasserdichtes Design<\/li>\n<\/ul>\n<p class=\"section\">Die motorisierte DX-Totalstation ist die ideale Alround-L\u00f6sung, egal ob Sie Ihre Projekte mit einer oder zwei Personen, mit Prisma oder reflektorlos durchf\u00fchren wollen. Robotikvermessung wird mit der DX-Serie jetzt noch einfacher, schneller und zuverl\u00e4ssiger. Die neuen Technologien LongLink\u2122&nbsp;sowie PowerTrack\u2122&nbsp;stellen eine zuverl\u00e4ssige Datenkommunikation \u00fcber gro\u00dfe Reichweiten sowie eine beeindruckend gute Prismenfindung sowie -verfolgung sicher.<\/p>\n<div align=\"justify\"><\/div>\n<p><strong>TS<img loading=\"lazy\" decoding=\"async\" class=\"alignleft size-full wp-image-1139\" src=\"https:\/\/www.glm-laser.com\/glm\/wp-content\/uploads\/ts_shield.jpg\" alt=\"ts_shield\" width=\"53\" height=\"62\"><\/strong><strong>shield\u2122&nbsp;&#8211; die Weltneuheit&nbsp;<\/strong><\/p>\n<p align=\"justify\">Sokkia m\u00f6chte, dass Ihre Investition so sicher wie m\u00f6glich ist und bietet Ihnen dazu in allen Totalstationen der DX-Serie eine weitere Weltneuheit an &#8211; TSshield\u2122. Jedes Instrument verf\u00fcgt \u00fcber ein auf Telematik basierendes Multifunktions-Kommunikationsmodul, das die ultimative Sicherheit und Wartungsfreundlichkeit f\u00fcr Ihre Investition bietet. Falls Ihre aktivierte Totalstation gestohlen wird, k\u00f6nnen Sie ein codiertesSignal an das Instrument senden und es so deaktivieren &#8211; Ihre Totalstation ist damit \u00fcberall auf der Welt vor unberechtigtem Gebrauch gesch\u00fctzt.Und mit demselben Modul verf\u00fcgen Sie \u00fcber eine t\u00e4gliche Verbindung zu Cloud-basierten Sokkia-Servern, die Sie \u00fcber verf\u00fcgbare Software-Updates und neue Firmware informieren.<\/p>\n<p><strong>Leistungsstarkes, modernes EDM<img loading=\"lazy\" decoding=\"async\" class=\"alignright size-medium wp-image-1138\" src=\"https:\/\/www.glm-laser.com\/glm\/wp-content\/uploads\/edm_messung-300x82.jpg\" alt=\"edm_messung\" width=\"300\" height=\"82\"><br \/>\n<\/strong><\/p>\n<ul class=\"unIndentedList\">\n<li>1.000m reflektorlos<\/li>\n<li>6000m mit einem Prisma<\/li>\n<li>Weniger als 1 Sekunde f\u00fcr Feinmessungen<\/li>\n<li>Exklusive LongLinkTM-Daten\u00fcbertragung<\/li>\n<li>Koaxialer, roter Laserpointer<\/li>\n<li>Zielgenauer, exakter Messstrahl<\/li>\n<\/ul>\n<p><strong><img loading=\"lazy\" decoding=\"async\" class=\"alignleft size-full wp-image-1137\" src=\"https:\/\/www.glm-laser.com\/glm\/wp-content\/uploads\/winkelmessung-sokkia-dx.jpg\" alt=\"winkelmessung-sokkia-dx\" width=\"100\" height=\"85\"><br \/>\nHervorragende Winkelmessgenauigkeit<\/strong><\/p>\n<ul class=\"unIndentedList\">\n<li>Modernste Winkel-Encoder-Systeme<\/li>\n<li>Exklusive IACS-Technologie (Intelligent Automatic Calibration System)<\/li>\n<li>Garantiert stabile und extrem zuverl\u00e4ssige Winkelmessungen<\/li>\n<\/ul>\n<p>&nbsp;<\/p>\n<p><strong>Robustes, wetterfestes Design&nbsp;<img loading=\"lazy\" decoding=\"async\" class=\"alignright size-full wp-image-1136\" src=\"https:\/\/www.glm-laser.com\/glm\/wp-content\/uploads\/ip-65.jpg\" alt=\"ip-65\" width=\"99\" height=\"96\"><br \/>\n<\/strong><\/p>\n<ul class=\"unIndentedList\">\n<li>Staub- und wasserdichtes Design gem\u00e4\u00df IP65 trotzt allen Witterungsbedingungen<\/li>\n<li>Magnesium-Aluminium-Geh\u00e4use garantiert stabile Winkelmessgenauigkeit<\/li>\n<li>Grafisches Display und alphanumerischer Tastatur (Standard)<\/li>\n<\/ul>\n<p>&nbsp;<\/p>\n<p>&nbsp;<\/p>\n<p><img loading=\"lazy\" decoding=\"async\" class=\"alignleft size-full wp-image-1135\" src=\"https:\/\/www.glm-laser.com\/glm\/wp-content\/uploads\/sokkia-dx-long-link.jpg\" alt=\"sokkia-dx-long-link\" width=\"99\" height=\"96\"><\/p>\n<p><strong>LongLink\u2122&nbsp;<\/strong><\/p>\n<p align=\"justify\">Dank der neuen exklusiven LongLink\u2122-Technologie verf\u00fcgen alle Modelle der DX-Serie \u00fcber eine kabelfreie Kommunikationsreichweite von bis 600m. Diese neuartige Technologie der gesicherten, kabellosen Daten\u00fcbertragung er\u00f6ffnet Ihren Mitarbeitern im Au\u00dfendienst eine v\u00f6llig neue Flexibilit\u00e4t.<\/p>\n<p>&nbsp;<\/p>\n<p><strong><sup><img loading=\"lazy\" decoding=\"async\" class=\"alignright size-full wp-image-1134\" src=\"https:\/\/www.glm-laser.com\/glm\/wp-content\/uploads\/tracking.jpg\" alt=\"tracking\" width=\"299\" height=\"122\"><br \/>\n<\/sup>\u2122 Tracking<\/strong><\/p>\n<p align=\"justify\">Die Prismenfindung mit der DX-Serie ist jetzt noch schneller als bisher &#8211; und die revolution\u00e4re PowerTrac<sup>TM<\/sup>-Technologie sorgt f\u00fcr eine beeindruckende, robuste Prismenverfolgung, selbst wenn das Tracking durch Hindernisse gest\u00f6rt wird. F\u00fcr die DX-Serie bedeutet dies ein unerreicht leistungsstarkes Tracking beweglicher Ziele, auch unter h\u00e4rtesten Bedingungen.<\/p>\n<p align=\"justify\"><strong>Software<\/strong><\/p>\n<p align=\"justify\">Moderne Nutzerschnittstelle MAGNET Field bietet eine kontrastreiche Benutzeroberfl\u00e4che mit gro\u00dfen Touch-Icons und gut lesbarem Text. Die Displays sehen nicht nur gut aus, sondern sorgen auch f\u00fcr einen z\u00fcgigen Arbeitsablauf. Einfache Bedienbarkeit Die optimierte Icon-und Textfeld-Oberfl\u00e4che bietet Texte und Bilder, die f\u00fcr jedes Display anzeigen, welche Daten ben\u00f6tigt werden. Shortcut-Tasten und schnell zug\u00e4ngliche Reiter sorgen f\u00fcr eine \u00e4u\u00dferst produktive Oberfl\u00e4che.<\/p>\n","protected":false},"excerpt":{"rendered":"<p>Die motorisierte Totalstation DX-10x aus dem Hause Sokkia Erweiterte Sicherheit und verbesserter Service mit dem neuen TSschield\u2122 PowerTrac\u2122-Technolgie Schnelle und leistungsstarke EDM-Technologie Exklusive LongLink\u2122-Daten\u00fcbertragung Hervorragende Winkelmessgenauigkeit Robustes, staub- und wasserdichtes Design Die motorisierte DX-Totalstation ist die ideale Alround-L\u00f6sung, egal ob Sie Ihre Projekte mit einer oder zwei Personen, mit Prisma oder reflektorlos durchf\u00fchren wollen. Robotikvermessung [&hellip;]<\/p>\n","protected":false},"author":1,"featured_media":0,"parent":705,"menu_order":2,"comment_status":"closed","ping_status":"closed","template":"page_submenu.php","meta":{"footnotes":""},"class_list":["post-729","page","type-page","status-publish","hentry"],"_links":{"self":[{"href":"https:\/\/www.glm-laser.com\/glm\/wp-json\/wp\/v2\/pages\/729"}],"collection":[{"href":"https:\/\/www.glm-laser.com\/glm\/wp-json\/wp\/v2\/pages"}],"about":[{"href":"https:\/\/www.glm-laser.com\/glm\/wp-json\/wp\/v2\/types\/page"}],"author":[{"embeddable":true,"href":"https:\/\/www.glm-laser.com\/glm\/wp-json\/wp\/v2\/users\/1"}],"replies":[{"embeddable":true,"href":"https:\/\/www.glm-laser.com\/glm\/wp-json\/wp\/v2\/comments?post=729"}],"version-history":[{"count":5,"href":"https:\/\/www.glm-laser.com\/glm\/wp-json\/wp\/v2\/pages\/729\/revisions"}],"predecessor-version":[{"id":4426,"href":"https:\/\/www.glm-laser.com\/glm\/wp-json\/wp\/v2\/pages\/729\/revisions\/4426"}],"up":[{"embeddable":true,"href":"https:\/\/www.glm-laser.com\/glm\/wp-json\/wp\/v2\/pages\/705"}],"wp:attachment":[{"href":"https:\/\/www.glm-laser.com\/glm\/wp-json\/wp\/v2\/media?parent=729"}],"curies":[{"name":"wp","href":"https:\/\/api.w.org\/{rel}","templated":true}]}}