{"id":743,"date":"2016-04-18T09:46:36","date_gmt":"2016-04-18T07:46:36","guid":{"rendered":"http:\/\/www.glm-laser.com\/?page_id=743"},"modified":"2020-11-10T12:02:28","modified_gmt":"2020-11-10T11:02:28","slug":"handrechner","status":"publish","type":"page","link":"https:\/\/www.glm-laser.com\/glm\/optische-vermessungsinstrumente-3\/handrechner\/","title":{"rendered":"Handrechner"},"content":{"rendered":"<h1 class=\"wp-block-heading\"><a href=\"https:\/\/www.glm-laser.com\/glm\/wp-content\/uploads\/3-DIM-Observer-1024x952.png\"><\/a>Handrechner<\/h1>\n<p><strong>Die Philosophie<\/strong>&nbsp;der Ansteuerung ihres&nbsp;Industrietachymeters (bzw. Totalstation)&nbsp;mit Hilfe eines elektronischen&nbsp;Handrechners ist recht simpel. Die gesamte Datenverarbeitung \u00fcbernimmt die Software des Handrechners. Der Industrietachymeter&nbsp;misst zwei Winkel und eine Strecke. Diese Daten werden an den&nbsp;Handrechner sofort via Bluetooth&nbsp;\u00fcbertragen. Die Berechnungen wie z.B. des Standpunktes bei einem Standortwechsel, die orthogonale Koordinaten (Y-X-Z) oder&nbsp;die Korrekturwerte bei Absteckungen w\u00e4hrend der Montage im Anlagenbau.<\/p>\n<p><strong>Einige Vorteile<\/strong>&nbsp;eines&nbsp;Handrechners sind:<\/p>\n<ul class=\"wp-block-list\">\n<li>\nDurch die Verwendung eines Handrechners und einer motorisierten Industrietachymeters&nbsp; sind sie in der Lage das 3D Messsystem alleine zu bedienen.\n<\/li>\n<li>Der Anwender kann am aufzumessenden und\/oder abzusteckenden Objekt stehen. Somit entf\u00e4llt die \u201estille Post&#8220; bei \u00dcbermittlung der Punktnummer und m\u00f6glichen Offsets (z.B. SMR Offset) und Korrekturwerten bei Absteckung.<\/li>\n<li>\nDer Handrechner&nbsp;macht Sie unabh\u00e4ngig von der&nbsp;internen Software&nbsp;des Industrietachymeters. Falls Ihr Industrietachymeter ausf\u00e4llt (Inspektion oder Reparatur) oder anderweitig ben\u00f6tigt wird, steuern Sie einfach ein anderen Industrietachymeter an. Die Arbeitsweise bleibt gleich.\n<\/li>\n<\/ul>\n<p><strong>Nutzen Sie elektronische Feldrechner mit entsprechender Software&nbsp;<\/strong><\/p>\n<ul class=\"wp-block-list\">\n<li>Industrievermessung;&nbsp;<a href=\"https:\/\/www.glm-laser.com\/glm\/software-2\/poket-pc\/3-dim-observer\/\">3-DIM Observer<\/a><\/li>\n<li>Klassische Vermessung;&nbsp;<a href=\"https:\/\/www.glm-laser.com\/glm\/software-2\/poket-pc\/survce\/\" class=\"broken_link\">Carslon SurvCE 5.X<\/a>&nbsp;oder Magnet Field<\/li>\n<\/ul>\n<p>Als Hardware bieten wir Ihnen verschiedene Arten von Handhelds an. Die Softwarel\u00f6sung h\u00e4ngt von Ihrem Aufgabengebiet ab:<\/p>\n<ul class=\"wp-block-list\">\n<li><a href=\"https:\/\/www.glm-laser.com\/glm\/optische-vermessungsinstrumente-3\/handrechner\/archer2-feldrechner\/\">Archer\u00b2<\/a><\/li>\n<li><a href=\"https:\/\/www.glm-laser.com\/glm\/optische-vermessungsinstrumente-3\/handrechner\/mesa-feldrechner\/\">Mesa<\/a><\/li>\n<li><a href=\"https:\/\/www.glm-laser.com\/glm\/optische-vermessungsinstrumente-3\/handrechner\/tablet\/\">Tablet<\/a><\/li>\n<\/ul>\n<p>Haben Sie weitere Fragen oder\/und w\u00fcnschen Sie mehr Information bzw. ein Angebot? <a href=\"https:\/\/www.glm-laser.com\/kontakt\/\">Rufen Sie einfach an oder schreiben uns eine E-Mail<\/a>, wir beraten Sie gerne.<\/p>\n","protected":false},"excerpt":{"rendered":"<p>Handrechner Die Philosophie&nbsp;der Ansteuerung ihres&nbsp;Industrietachymeters (bzw. Totalstation)&nbsp;mit Hilfe eines elektronischen&nbsp;Handrechners ist recht simpel. Die gesamte Datenverarbeitung \u00fcbernimmt die Software des Handrechners. Der Industrietachymeter&nbsp;misst zwei Winkel und eine Strecke. Diese Daten werden an den&nbsp;Handrechner sofort via Bluetooth&nbsp;\u00fcbertragen. Die Berechnungen wie z.B. des Standpunktes bei einem Standortwechsel, die orthogonale Koordinaten (Y-X-Z) oder&nbsp;die Korrekturwerte bei Absteckungen w\u00e4hrend der [&hellip;]<\/p>\n","protected":false},"author":1,"featured_media":0,"parent":19,"menu_order":12,"comment_status":"closed","ping_status":"closed","template":"page_submenu.php","meta":{"footnotes":""},"class_list":["post-743","page","type-page","status-publish","hentry"],"_links":{"self":[{"href":"https:\/\/www.glm-laser.com\/glm\/wp-json\/wp\/v2\/pages\/743"}],"collection":[{"href":"https:\/\/www.glm-laser.com\/glm\/wp-json\/wp\/v2\/pages"}],"about":[{"href":"https:\/\/www.glm-laser.com\/glm\/wp-json\/wp\/v2\/types\/page"}],"author":[{"embeddable":true,"href":"https:\/\/www.glm-laser.com\/glm\/wp-json\/wp\/v2\/users\/1"}],"replies":[{"embeddable":true,"href":"https:\/\/www.glm-laser.com\/glm\/wp-json\/wp\/v2\/comments?post=743"}],"version-history":[{"count":19,"href":"https:\/\/www.glm-laser.com\/glm\/wp-json\/wp\/v2\/pages\/743\/revisions"}],"predecessor-version":[{"id":9547,"href":"https:\/\/www.glm-laser.com\/glm\/wp-json\/wp\/v2\/pages\/743\/revisions\/9547"}],"up":[{"embeddable":true,"href":"https:\/\/www.glm-laser.com\/glm\/wp-json\/wp\/v2\/pages\/19"}],"wp:attachment":[{"href":"https:\/\/www.glm-laser.com\/glm\/wp-json\/wp\/v2\/media?parent=743"}],"curies":[{"name":"wp","href":"https:\/\/api.w.org\/{rel}","templated":true}]}}