{"id":787,"date":"2016-04-18T09:58:45","date_gmt":"2016-04-18T07:58:45","guid":{"rendered":"http:\/\/www.glm-laser.com\/?page_id=787"},"modified":"2020-10-22T12:47:10","modified_gmt":"2020-10-22T10:47:10","slug":"dreifussadapter-kugelreflektor-rt1","status":"publish","type":"page","link":"https:\/\/www.glm-laser.com\/glm\/optische-vermessungsinstrumente-3\/zubehoer-2\/zielmittel\/dreifussadapter-kugelreflektor-rt1\/","title":{"rendered":"Dreifu\u00dfadapter Kugelreflektor RT1"},"content":{"rendered":"<h1>Der Dreifu\u00dfadapter f\u00fcr Kugelreflektoren RT1<\/h1>\n<div class=\"section\">\n<p><img loading=\"lazy\" decoding=\"async\" class=\"alignright size-full wp-image-1350\" src=\"https:\/\/www.glm-laser.com\/glm\/wp-content\/uploads\/dreifussadapter-kugel.jpg\" alt=\"dreifussadapter-kugel\" width=\"199\" height=\"156\" \/>W\u00fcnschen Sie weitere Informationen \u00fcber die Zielmittel oder m\u00f6chten Sie ein Angebot bekommen? Dann schreiben Sie einfach\u00a0eine\u00a0<a href=\"mailto:vertrieb@glm-laser.de\">E-Mail<\/a>.<\/p>\n<div class=\"section\">\n<div align=\"justify\">\n<p><img loading=\"lazy\" decoding=\"async\" class=\"alignleft size-full wp-image-958\" src=\"https:\/\/www.glm-laser.com\/glm\/wp-content\/uploads\/pdf-icon.png\" alt=\"Download PDF\" width=\"38\" height=\"42\" \/><\/p>\n<p><a href=\"https:\/\/www.glm-laser.com\/glm\/wp-content\/uploads\/zubeh__r_zielmarkenkatalog_low_res.pdf\" target=\"_blank\" rel=\"noopener noreferrer\"><br \/>\nZielmarkenkatalog 2015 (1 MB)<\/a><\/p>\n<\/div>\n<\/div>\n<\/div>\n","protected":false},"excerpt":{"rendered":"<p>Der Dreifu\u00dfadapter f\u00fcr Kugelreflektoren RT1 W\u00fcnschen Sie weitere Informationen \u00fcber die Zielmittel oder m\u00f6chten Sie ein Angebot bekommen? Dann schreiben Sie einfach\u00a0eine\u00a0E-Mail. Zielmarkenkatalog 2015 (1 MB)<\/p>\n","protected":false},"author":1,"featured_media":0,"parent":745,"menu_order":13,"comment_status":"closed","ping_status":"closed","template":"page_submenu.php","meta":{"footnotes":""},"class_list":["post-787","page","type-page","status-publish","hentry"],"_links":{"self":[{"href":"https:\/\/www.glm-laser.com\/glm\/wp-json\/wp\/v2\/pages\/787"}],"collection":[{"href":"https:\/\/www.glm-laser.com\/glm\/wp-json\/wp\/v2\/pages"}],"about":[{"href":"https:\/\/www.glm-laser.com\/glm\/wp-json\/wp\/v2\/types\/page"}],"author":[{"embeddable":true,"href":"https:\/\/www.glm-laser.com\/glm\/wp-json\/wp\/v2\/users\/1"}],"replies":[{"embeddable":true,"href":"https:\/\/www.glm-laser.com\/glm\/wp-json\/wp\/v2\/comments?post=787"}],"version-history":[{"count":4,"href":"https:\/\/www.glm-laser.com\/glm\/wp-json\/wp\/v2\/pages\/787\/revisions"}],"predecessor-version":[{"id":7134,"href":"https:\/\/www.glm-laser.com\/glm\/wp-json\/wp\/v2\/pages\/787\/revisions\/7134"}],"up":[{"embeddable":true,"href":"https:\/\/www.glm-laser.com\/glm\/wp-json\/wp\/v2\/pages\/745"}],"wp:attachment":[{"href":"https:\/\/www.glm-laser.com\/glm\/wp-json\/wp\/v2\/media?parent=787"}],"curies":[{"name":"wp","href":"https:\/\/api.w.org\/{rel}","templated":true}]}}