{"id":923,"date":"2016-04-18T10:34:25","date_gmt":"2016-04-18T08:34:25","guid":{"rendered":"http:\/\/www.glm-laser.com\/?page_id=923"},"modified":"2020-10-22T15:17:03","modified_gmt":"2020-10-22T13:17:03","slug":"sokkia-b21","status":"publish","type":"page","link":"https:\/\/www.glm-laser.com\/glm\/optische-vermessungsinstrumente-3\/uebersicht\/nivelliere-sokkia\/sokkia-b21\/","title":{"rendered":"Sokkia B21"},"content":{"rendered":"<h1>Nivellier B21 von Sokkia<\/h1>\n<div class=\"section\">\n<p align=\"justify\"><img loading=\"lazy\" decoding=\"async\" class=\"alignright wp-image-2181 size-full\" title=\"Sokkia B21\" src=\"https:\/\/www.glm-laser.com\/glm\/wp-content\/uploads\/B21.jpg\" alt=\"Sokkia B21\" width=\"199\" height=\"218\" \/>Das automatische Nivellier B21 wird nicht mehr produziert. Die passenden Nachfolgemodelle sind die Nivelliere aus der B20 Serie. GLM Laserme\u00dftechnik bietet ihnen einen rundum Service (Inspektion, Reparatur, Verkauf und Beratung) f\u00fcr das B21 an.<\/p>\n<div align=\"justify\"><\/div>\n<div align=\"justify\">\n<h3>Auszug aus den technischen Daten des B21;<\/h3>\n<ul>\n<li>Vergr\u00f6\u00dferung 30x<\/li>\n<li>K\u00fcrzeste Zielweite 0,3m<\/li>\n<li>Sichtfeld 1\u00b020`(auf 100m 2,3m)<\/li>\n<li>Ablesung auf 1 gon<\/li>\n<li>H\u00f6hengenauigkeit Standardabweichung auf 1km Doppelnivellement; 1,5mm<\/li>\n<li>H\u00f6hengenauigkeit Standardabweichung auf 1km Doppelnivellement mit Mikrometer; 1,2mm<\/li>\n<li>Staub- und Wasserschutz: IPX4<\/li>\n<\/ul>\n<h3>Zubeh\u00f6r:<\/h3>\n<ul>\n<li>DE22 Rechtwinkelokular<\/li>\n<li>LA8 Fadenkreuzbeleuchtung<\/li>\n<li>OM5 Planplattenmikrometer<\/li>\n<\/ul>\n<\/div>\n<p><img loading=\"lazy\" decoding=\"async\" class=\"size-full wp-image-958 alignleft\" src=\"https:\/\/www.glm-laser.com\/glm\/wp-content\/uploads\/pdf-icon.png\" alt=\"Download PDF\" width=\"38\" height=\"42\" \/><\/p>\n<p><a href=\"https:\/\/www.glm-laser.com\/glm\/wp-content\/uploads\/prospekt_sokkia_b21.pdf\" target=\"_blank\" rel=\"noopener noreferrer\"><br \/>\nProspekt Sokkia B21 (5 MB)<\/a><\/p>\n<\/div>\n","protected":false},"excerpt":{"rendered":"<p>Nivellier B21 von Sokkia Das automatische Nivellier B21 wird nicht mehr produziert. Die passenden Nachfolgemodelle sind die Nivelliere aus der B20 Serie. GLM Laserme\u00dftechnik bietet ihnen einen rundum Service (Inspektion, Reparatur, Verkauf und Beratung) f\u00fcr das B21 an. Auszug aus den technischen Daten des B21; Vergr\u00f6\u00dferung 30x K\u00fcrzeste Zielweite 0,3m Sichtfeld 1\u00b020`(auf 100m 2,3m) Ablesung [&hellip;]<\/p>\n","protected":false},"author":1,"featured_media":0,"parent":823,"menu_order":0,"comment_status":"closed","ping_status":"closed","template":"page_submenu.php","meta":{"footnotes":""},"class_list":["post-923","page","type-page","status-publish","hentry"],"_links":{"self":[{"href":"https:\/\/www.glm-laser.com\/glm\/wp-json\/wp\/v2\/pages\/923"}],"collection":[{"href":"https:\/\/www.glm-laser.com\/glm\/wp-json\/wp\/v2\/pages"}],"about":[{"href":"https:\/\/www.glm-laser.com\/glm\/wp-json\/wp\/v2\/types\/page"}],"author":[{"embeddable":true,"href":"https:\/\/www.glm-laser.com\/glm\/wp-json\/wp\/v2\/users\/1"}],"replies":[{"embeddable":true,"href":"https:\/\/www.glm-laser.com\/glm\/wp-json\/wp\/v2\/comments?post=923"}],"version-history":[{"count":9,"href":"https:\/\/www.glm-laser.com\/glm\/wp-json\/wp\/v2\/pages\/923\/revisions"}],"predecessor-version":[{"id":8325,"href":"https:\/\/www.glm-laser.com\/glm\/wp-json\/wp\/v2\/pages\/923\/revisions\/8325"}],"up":[{"embeddable":true,"href":"https:\/\/www.glm-laser.com\/glm\/wp-json\/wp\/v2\/pages\/823"}],"wp:attachment":[{"href":"https:\/\/www.glm-laser.com\/glm\/wp-json\/wp\/v2\/media?parent=923"}],"curies":[{"name":"wp","href":"https:\/\/api.w.org\/{rel}","templated":true}]}}