{"id":945,"date":"2016-04-18T10:37:43","date_gmt":"2016-04-18T08:37:43","guid":{"rendered":"http:\/\/www.glm-laser.com\/?page_id=945"},"modified":"2016-05-18T15:37:30","modified_gmt":"2016-05-18T13:37:30","slug":"triax-trg-mp400","status":"publish","type":"page","link":"https:\/\/www.glm-laser.com\/glm\/optische-vermessungsinstrumente-3\/uebersicht\/sokkia-rotationslaser\/triax-trg-mp400\/","title":{"rendered":"Triax TRG-MP400"},"content":{"rendered":"<h1>Triax TRG-MP400C<\/h1>\n<h4 align=\"center\">Beschreibung<\/h4>\n<p>&nbsp;<\/p>\n<p><strong>Charakteristische Merkmale:<img loading=\"lazy\" decoding=\"async\" class=\"wp-image-2035 size-medium alignright\" src=\"https:\/\/www.glm-laser.com\/glm\/wp-content\/uploads\/triax_xx400-250x300.jpg\" alt=\"triax_xx400\" width=\"250\" height=\"300\" srcset=\"https:\/\/www.glm-laser.com\/glm\/wp-content\/uploads\/triax_xx400-250x300.jpg 250w, https:\/\/www.glm-laser.com\/glm\/wp-content\/uploads\/triax_xx400-768x920.jpg 768w, https:\/\/www.glm-laser.com\/glm\/wp-content\/uploads\/triax_xx400-855x1024.jpg 855w, https:\/\/www.glm-laser.com\/glm\/wp-content\/uploads\/triax_xx400.jpg 1207w\" sizes=\"(max-width: 250px) 100vw, 250px\" \/><\/strong><\/p>\n<ul class=\"unIndentedList\">\n<li>Horizontierautomatik<\/li>\n<li>Mittlere Genauigkeit +\/-3mm auf 30m<\/li>\n<li>Sichtbare Laserdiode (Klasse 3R)<\/li>\n<\/ul>\n<p><strong>Weitere Merkmale:<\/strong><\/p>\n<ul class=\"unIndentedList\">\n<li>Horizontierung mit Nachhorizontierung oder Abschaltautomatik w\u00e4hlbar<\/li>\n<li>Reichweite 300m Durchmesser (mit Handempf\u00e4nger)<\/li>\n<li>Staub- und Wasserschutz nach IP64<\/li>\n<li>Gummi-Sto\u00dfschutz<\/li>\n<li>Gesch\u00fctzter Rotorkopf<\/li>\n<li>Ergonomisches Design mit Handgriff<\/li>\n<li>Fernbedienung (optional)<\/li>\n<li>Vertikale Aufstellung, Scanning, Laserstrich (je nach Ausf\u00fchrung)<\/li>\n<\/ul>\n<p><strong>Lieferumfang:<\/strong><\/p>\n<ul class=\"unIndentedList\">\n<li>Akku und Ladeger\u00e4t<\/li>\n<li>Batteriekassette<\/li>\n<\/ul>\n<p>&nbsp;<\/p>\n<table border=\"0\" width=\"662\" cellspacing=\"0\" cellpadding=\"0\">\n<tbody>\n<tr>\n<td nowrap=\"nowrap\" width=\"180\"><strong>Bestellname<\/strong><\/td>\n<td nowrap=\"nowrap\" width=\"482\"><strong>Beschreibung<\/strong><\/td>\n<\/tr>\n<tr>\n<td nowrap=\"nowrap\" width=\"180\">TRG-R60<\/td>\n<td nowrap=\"nowrap\" width=\"482\">Handempf\u00e4nger inkl. Klammer f\u00fcr EL400H<\/td>\n<\/tr>\n<tr>\n<td nowrap=\"nowrap\" width=\"180\">TRG-R90<\/td>\n<td nowrap=\"nowrap\" width=\"482\">Handempf\u00e4nger\/Fernbedienung inkl. Klammer f\u00fcr MP\/EL40HV\/400HV<\/td>\n<\/tr>\n<tr>\n<td nowrap=\"nowrap\" width=\"180\">TRG-R21<\/td>\n<td nowrap=\"nowrap\" width=\"482\">Fernbedienung MP400\/EL400HV<\/td>\n<\/tr>\n<tr>\n<td nowrap=\"nowrap\" width=\"180\">TRG-RA4<\/td>\n<td nowrap=\"nowrap\" width=\"482\">Klammer f\u00fcr TRG-R80\/R8<\/td>\n<\/tr>\n<tr>\n<td nowrap=\"nowrap\" width=\"180\">TRG-LRC<\/td>\n<td nowrap=\"nowrap\" width=\"482\">Klammer f\u00fcr TRG-R60\/R90<\/td>\n<\/tr>\n<tr>\n<td nowrap=\"nowrap\" width=\"180\">TRG-SM200<\/td>\n<td nowrap=\"nowrap\" width=\"482\">Halterung f\u00fcr Wand-\/Decken-\/Stativmontage (vertikal)<\/td>\n<\/tr>\n<tr>\n<td nowrap=\"nowrap\" width=\"180\">TRG-BDC400-2<\/td>\n<td nowrap=\"nowrap\" width=\"482\">Akku f\u00fcr xx400 Serie<\/td>\n<\/tr>\n<tr>\n<td nowrap=\"nowrap\" width=\"180\">TRG-BDC410-2<\/td>\n<td nowrap=\"nowrap\" width=\"482\">Batteriecassette 400Serie<\/td>\n<\/tr>\n<tr>\n<td nowrap=\"nowrap\" width=\"180\">TRG-CDC40<\/td>\n<td nowrap=\"nowrap\" width=\"482\">Lader f\u00fcr TRG-BDC400<\/td>\n<\/tr>\n<\/tbody>\n<\/table>\n<p>&nbsp;<\/p>\n<p><img loading=\"lazy\" decoding=\"async\" class=\"alignleft size-full wp-image-958\" src=\"https:\/\/www.glm-laser.com\/glm\/wp-content\/uploads\/pdf-icon.png\" alt=\"Download PDF\" width=\"38\" height=\"42\" \/><\/p>\n<p><a href=\"https:\/\/www.glm-laser.com\/glm\/wp-content\/uploads\/prospekt_sokkia_triax_mp400.pdf\"><br \/>\nProspekt MP400 (280 kB)<\/a><\/p>\n","protected":false},"excerpt":{"rendered":"<p>Triax TRG-MP400C Beschreibung &nbsp; Charakteristische Merkmale: Horizontierautomatik Mittlere Genauigkeit +\/-3mm auf 30m Sichtbare Laserdiode (Klasse 3R) Weitere Merkmale: Horizontierung mit Nachhorizontierung oder Abschaltautomatik w\u00e4hlbar Reichweite 300m Durchmesser (mit Handempf\u00e4nger) Staub- und Wasserschutz nach IP64 Gummi-Sto\u00dfschutz Gesch\u00fctzter Rotorkopf Ergonomisches Design mit Handgriff Fernbedienung (optional) Vertikale Aufstellung, Scanning, Laserstrich (je nach Ausf\u00fchrung) Lieferumfang: Akku und Ladeger\u00e4t Batteriekassette [&hellip;]<\/p>\n","protected":false},"author":1,"featured_media":0,"parent":825,"menu_order":6,"comment_status":"closed","ping_status":"closed","template":"page_submenu.php","meta":{"footnotes":""},"class_list":["post-945","page","type-page","status-publish","hentry"],"_links":{"self":[{"href":"https:\/\/www.glm-laser.com\/glm\/wp-json\/wp\/v2\/pages\/945"}],"collection":[{"href":"https:\/\/www.glm-laser.com\/glm\/wp-json\/wp\/v2\/pages"}],"about":[{"href":"https:\/\/www.glm-laser.com\/glm\/wp-json\/wp\/v2\/types\/page"}],"author":[{"embeddable":true,"href":"https:\/\/www.glm-laser.com\/glm\/wp-json\/wp\/v2\/users\/1"}],"replies":[{"embeddable":true,"href":"https:\/\/www.glm-laser.com\/glm\/wp-json\/wp\/v2\/comments?post=945"}],"version-history":[{"count":5,"href":"https:\/\/www.glm-laser.com\/glm\/wp-json\/wp\/v2\/pages\/945\/revisions"}],"predecessor-version":[{"id":2041,"href":"https:\/\/www.glm-laser.com\/glm\/wp-json\/wp\/v2\/pages\/945\/revisions\/2041"}],"up":[{"embeddable":true,"href":"https:\/\/www.glm-laser.com\/glm\/wp-json\/wp\/v2\/pages\/825"}],"wp:attachment":[{"href":"https:\/\/www.glm-laser.com\/glm\/wp-json\/wp\/v2\/media?parent=945"}],"curies":[{"name":"wp","href":"https:\/\/api.w.org\/{rel}","templated":true}]}}