{"id":986,"date":"2016-04-18T11:48:05","date_gmt":"2016-04-18T09:48:05","guid":{"rendered":"http:\/\/www.glm-laser.com\/?page_id=986"},"modified":"2020-11-10T12:06:22","modified_gmt":"2020-11-10T11:06:22","slug":"optische-hoehenmessung","status":"publish","type":"page","link":"https:\/\/www.glm-laser.com\/glm\/optische-vermessungsinstrumente-3\/uebersicht\/nivelliere-sokkia\/optische-hoehenmessung\/","title":{"rendered":"Optische H\u00f6henmessung"},"content":{"rendered":"<h1>Das Nivellierinstrument<\/h1>\n<p align=\"justify\"><img loading=\"lazy\" decoding=\"async\" class=\"alignright size-full wp-image-987\" src=\"https:\/\/www.glm-laser.com\/glm\/wp-content\/uploads\/instrument_zur_optischen_h__henmessung.gif\" alt=\"instrument_zur_optischen_h__henmessung\" width=\"200\" height=\"200\" \/><\/p>\n<p align=\"justify\">Das Nivellier wird verwendet um relative H\u00f6henunterschiede zu messen. Die Genauigkeit der H\u00f6henbestimmung h\u00e4ngt von der G\u00fcte des Instruments, den Umweltbedingungen, den Messmethoden und den verwendeten Messmitteln ab.<\/p>\n<div align=\"justify\"><\/div>\n<div align=\"justify\"><\/div>\n<p align=\"justify\">GLM unterscheidet zwischen dem selbsthorizontierenden (automatischen) und dem digitalen Nivellier. Bei den automatischen Nivellierinstrumenten liest der Beobachter (Person an dem Instrument) die Werte selbst durch das Okular ab und notiert diese. Bei den Digitalnivellieren visiert der Beobachter das Ziel an und l\u00f6st die Messung aus. Dieser Wert wird elektronisch ermittelt. M\u00f6glich ist das durch Verwendung einer Barcode &#8211; Latte. Die Daten werden gespeichert und k\u00f6nnen vor Ort oder\/und im B\u00fcro ausgelesen werden.<\/p>\n<div align=\"justify\"><\/div>\n<div align=\"justify\"><\/div>\n<p align=\"justify\">Ausr\u00fcstung; Um eine Nivellement durchzuf\u00fchren ben\u00f6tigen Sie:<\/p>\n<ul>\n<li><a title=\"Sokkia SDL1X Digitalnivellier\" href=\"https:\/\/www.glm-laser.com\/glm\/optische-vermessungsinstrumente-2\/sokkia-digitalnivellier\/\" target=\"_blank\" rel=\"noopener noreferrer\">Ein Nivellier<\/a><\/li>\n<li><a title=\"Aluminiumstative\" href=\"https:\/\/www.glm-laser.com\/glm\/optische-vermessungsinstrumente-3\/zubehoer-2\/stative\/\" target=\"_blank\" rel=\"noopener noreferrer\">Ein Stativ<\/a><\/li>\n<li>Eine Nivellierlatte<\/li>\n<li>Eine Bodenplatte (Frosch)<\/li>\n<\/ul>\n<p>Einteilung der Nivelliere in Genauigkeit:<\/p>\n<p><a href=\"https:\/\/www.glm-laser.com\/glm\/optische-vermessungsinstrumente-2\/sokkia-digitalnivellier\/\" target=\"_blank\" rel=\"noopener noreferrer\">Baunivellier: <\/a>Genauigkeit: Bis\u00a0<sup>+<\/sup>\/<sub>&#8211;<\/sub>\u00a010 mm auf 1 km<\/p>\n<p><a title=\"Pr\u00e4zisionsnivellier Sokkia\" href=\"https:\/\/www.glm-laser.com\/glm\/optische-vermessungsinstrumente-2\/ingenieurnivelliere\/\">Ingenieurnivellier: <\/a>Genauigkeit:\u00a0<sup>+<\/sup>\/<sub>&#8211;\u00a0<\/sub>3 &#8211; 5 mm auf 1 km<\/p>\n<p><a title=\"Sokkia SDL1X Digitalnivellier\" href=\"https:\/\/www.glm-laser.com\/glm\/optische-vermessungsinstrumente-2\/sokkia-digitalnivellier\/\">Feinnivellier:<\/a> Genauigkeit:\u00a0<sup>+<\/sup>\/<sub>&#8211;\u00a0<\/sub>0,2 &#8211; 1 mm auf 1 km;<\/p>\n","protected":false},"excerpt":{"rendered":"<p>Das Nivellierinstrument Das Nivellier wird verwendet um relative H\u00f6henunterschiede zu messen. Die Genauigkeit der H\u00f6henbestimmung h\u00e4ngt von der G\u00fcte des Instruments, den Umweltbedingungen, den Messmethoden und den verwendeten Messmitteln ab. GLM unterscheidet zwischen dem selbsthorizontierenden (automatischen) und dem digitalen Nivellier. Bei den automatischen Nivellierinstrumenten liest der Beobachter (Person an dem Instrument) die Werte selbst durch [&hellip;]<\/p>\n","protected":false},"author":1,"featured_media":0,"parent":823,"menu_order":99,"comment_status":"closed","ping_status":"closed","template":"","meta":{"footnotes":""},"class_list":["post-986","page","type-page","status-publish","hentry"],"_links":{"self":[{"href":"https:\/\/www.glm-laser.com\/glm\/wp-json\/wp\/v2\/pages\/986"}],"collection":[{"href":"https:\/\/www.glm-laser.com\/glm\/wp-json\/wp\/v2\/pages"}],"about":[{"href":"https:\/\/www.glm-laser.com\/glm\/wp-json\/wp\/v2\/types\/page"}],"author":[{"embeddable":true,"href":"https:\/\/www.glm-laser.com\/glm\/wp-json\/wp\/v2\/users\/1"}],"replies":[{"embeddable":true,"href":"https:\/\/www.glm-laser.com\/glm\/wp-json\/wp\/v2\/comments?post=986"}],"version-history":[{"count":9,"href":"https:\/\/www.glm-laser.com\/glm\/wp-json\/wp\/v2\/pages\/986\/revisions"}],"predecessor-version":[{"id":9641,"href":"https:\/\/www.glm-laser.com\/glm\/wp-json\/wp\/v2\/pages\/986\/revisions\/9641"}],"up":[{"embeddable":true,"href":"https:\/\/www.glm-laser.com\/glm\/wp-json\/wp\/v2\/pages\/823"}],"wp:attachment":[{"href":"https:\/\/www.glm-laser.com\/glm\/wp-json\/wp\/v2\/media?parent=986"}],"curies":[{"name":"wp","href":"https:\/\/api.w.org\/{rel}","templated":true}]}}